NOAA Climate Reports - Current Month, Prior Months, Current and Prior Year Summaries

NOAA style reports

NOAA Climate Reports

2019: Jan | Feb | Mar | Apr | May | Jun | Jul | Aug | Sep | Oct | Nov | Dec 
2018: Jan | Feb | Mar | Apr | May | Jun | Jul | Aug | Sep | Oct | Nov | Dec 
2017: Jan | Feb | Mar | Apr | May | Jun | Jul | Aug | Sep | Oct | Nov | Dec 
2016: Jan | Feb | Mar | Apr | May | Jun | Jul | Aug | Sep | Oct | Nov | Dec 

Report for 2019 01
MONTHLY CLIMATOLOGICAL SUMMARY for DEC. 2018 NAME: White Birch CITY: Archbald STATE: PA ELEV: 968 ft LAT: 41 29' 21" N LONG: 75 33' 49" W TEMPERATURE (F), RAIN (in), WIND SPEED (mph) HEAT COOL AVG MEAN DEG DEG WIND DOM DAY TEMP HIGH TIME LOW TIME DAYS DAYS RAIN SPEED HIGH TIME DIR ------------------------------------------------------------------------------------ 1 36.9 39.6 15:15 34.1 7:30 28.1 0.0 0.12 0.9 15.0 23:00 SE 2 46.2 51.7 15:30 38.6 0:15 18.8 0.0 0.14 0.6 14.0 6:45 WNW 3 44.8 48.6 0:15 34.2 00:00 20.2 0.0 0.03 2.5 20.0 9:00 WNW 4 31.0 36.9 12:45 22.0 00:00 34.0 0.0 0.01 0.9 16.0 12:30 WNW 5 25.0 35.2 14:00 16.2 7:45 40.0 0.0 0.00 0.2 5.0 10:00 SE 6 28.8 36.0 12:30 17.8 3:45 36.2 0.0 0.00 1.9 15.0 13:00 NW 7 28.1 33.4 13:30 18.5 00:00 36.9 0.0 0.00 1.7 22.0 10:45 WNW 8 25.7 32.7 14:30 18.5 0:15 39.3 0.0 0.00 0.9 14.0 11:45 WNW 9 23.4 31.1 11:15 15.3 7:00 41.6 0.0 0.00 0.6 11.0 13:30 S 10 27.2 38.3 12:30 18.0 2:45 37.8 0.0 0.00 0.4 10.0 11:45 W 11 25.1 34.3 14:30 13.6 7:45 39.9 0.0 0.00 0.9 15.0 12:15 WNW 12 31.5 35.3 10:45 27.9 21:00 33.5 0.0 0.00 0.4 8.0 12:30 WNW 13 33.0 36.0 13:15 31.5 7:15 32.0 0.0 0.00 1.3 14.0 10:45 ESE 14 41.5 46.7 15:00 34.4 0:45 23.5 0.0 0.04 0.7 11.0 6:00 WNW 15 42.9 46.6 14:45 40.3 6:00 22.1 0.0 0.07 0.1 8.0 00:00 SSW 16 36.3 42.2 0:15 34.2 18:30 28.7 0.0 1.02 0.7 16.0 10:45 WSW 17 36.3 40.5 13:00 34.0 00:00 28.7 0.0 0.08 2.3 22.0 23:30 WNW 18 26.9 34.0 0:15 19.0 00:00 38.1 0.0 0.00 2.0 21.0 2:30 WNW 19 27.1 40.0 16:00 15.7 7:15 37.9 0.0 0.00 0.5 11.0 13:30 NW 20 34.9 48.8 13:45 22.6 6:45 30.1 0.0 0.10 0.3 14.0 23:45 SE 21 57.1 63.2 14:15 45.9 0:15 7.9 0.0 0.52 2.9 31.0 2:00 SE 22 37.4 51.0 0:15 34.4 9:00 27.6 0.0 0.08 2.9 23.0 2:00 WNW 23 35.1 39.7 15:00 32.9 8:00 29.9 0.0 0.00 0.6 10.0 2:00 WNW 24 34.6 37.9 13:30 31.9 23:00 30.4 0.0 0.08 1.3 14.0 17:00 WNW 25 32.6 35.1 12:45 30.5 23:30 32.4 0.0 0.00 0.9 11.0 11:30 WNW 26 34.2 38.9 15:15 30.6 0:15 30.8 0.0 0.00 1.1 12.0 14:00 WNW 27 37.6 43.7 14:45 29.8 8:00 27.4 0.0 0.01 1.4 13.0 21:15 SE 28 47.1 51.9 10:15 39.0 0:15 17.9 0.0 0.23 1.2 15.0 10:15 WNW 29 41.0 49.2 0:15 33.2 00:00 24.0 0.0 0.00 1.8 16.0 5:30 WNW 30 33.1 36.9 14:45 27.9 00:00 31.9 0.0 0.03 0.4 8.0 13:00 WNW 31 34.0 43.2 00:00 25.2 6:30 31.0 0.0 0.43 0.5 12.0 19:15 WNW ------------------------------------------------------------------------------------- 34.7 63.2 21 13.6 11 938.6 0.0 2.99 1.1 31.0 21 WNW Max >= 90.0: 0 Max <= 32.0: 1 Min <= 32.0: 19 Min <= 0.0: 0 Max Rain: 1.02 ON 12/16/18 Days of Rain: 14 (>.01 in) 6 (>.1 in) 1 (>1 in) Heat Base: 65.0 Cool Base: 65.0 Method: Integration