NOAA Climate Reports - Current Month, Prior Months, Current and Prior Year Summaries. Station 1st Report 17 Ocr 2014
NOAA style reports
NOAA Climate Reports
Notice: Undefined index: NOAA2024.TXT in /membri/k3csg/NOAA-reports.php on line 185
2024: Jan | Feb |
Notice: Undefined index: NOAA2024-03.TXT in /membri/k3csg/NOAA-reports.php on line 196
Mar |
Notice: Undefined index: NOAA2024-04.TXT in /membri/k3csg/NOAA-reports.php on line 196
Apr |
Notice: Undefined index: NOAA2024-05.TXT in /membri/k3csg/NOAA-reports.php on line 196
May |
Notice: Undefined index: NOAA2024-06.TXT in /membri/k3csg/NOAA-reports.php on line 196
Jun |
Notice: Undefined index: NOAA2024-07.TXT in /membri/k3csg/NOAA-reports.php on line 196
Jul |
Notice: Undefined index: NOAA2024-08.TXT in /membri/k3csg/NOAA-reports.php on line 196
Aug |
Notice: Undefined index: NOAA2024-09.TXT in /membri/k3csg/NOAA-reports.php on line 196
Sep |
Notice: Undefined index: NOAA2024-10.TXT in /membri/k3csg/NOAA-reports.php on line 196
Oct |
Notice: Undefined index: NOAA2024-11.TXT in /membri/k3csg/NOAA-reports.php on line 196
Nov |
Notice: Undefined index: NOAA2024-12.TXT in /membri/k3csg/NOAA-reports.php on line 196
Dec
2023: Jan | Feb | Mar | Apr | May | Jun | Jul | Aug | Sep | Oct | Nov | Dec
2022: Jan | Feb | Mar | Apr | May | Jun | Jul | Aug | Sep | Oct | Nov | Dec
2021: Jan | Feb | Mar | Apr | May | Jun | Jul | Aug | Sep | Oct | Nov | Dec
2020: Jan | Feb | Mar | Apr | May | Jun | Jul | Aug | Sep | Oct | Nov | Dec
2019: Jan | Feb | Mar | Apr | May | Jun | Jul | Aug | Sep | Oct | Nov | Dec
2018: Jan | Feb | Mar | Apr | May | Jun | Jul | Aug | Sep | Oct | Nov | Dec
2017: Jan | Feb | Mar | Apr | May | Jun | Jul | Aug | Sep | Oct | Nov | Dec
2016: Jan | Feb | Mar | Apr | May | Jun | Jul | Aug | Sep | Oct | Nov | Dec
2015: Jan | Feb | Mar | Apr | May | Jun | Jul | Aug | Sep | Oct | Nov | Dec
2014:
Notice: Undefined index: NOAA2014-01.TXT in /membri/k3csg/NOAA-reports.php on line 196
Jan |
Notice: Undefined index: NOAA2014-02.TXT in /membri/k3csg/NOAA-reports.php on line 196
Feb |
Notice: Undefined index: NOAA2014-03.TXT in /membri/k3csg/NOAA-reports.php on line 196
Mar |
Notice: Undefined index: NOAA2014-04.TXT in /membri/k3csg/NOAA-reports.php on line 196
Apr |
Notice: Undefined index: NOAA2014-05.TXT in /membri/k3csg/NOAA-reports.php on line 196
May |
Notice: Undefined index: NOAA2014-06.TXT in /membri/k3csg/NOAA-reports.php on line 196
Jun |
Notice: Undefined index: NOAA2014-07.TXT in /membri/k3csg/NOAA-reports.php on line 196
Jul |
Notice: Undefined index: NOAA2014-08.TXT in /membri/k3csg/NOAA-reports.php on line 196
Aug |
Notice: Undefined index: NOAA2014-09.TXT in /membri/k3csg/NOAA-reports.php on line 196
Sep | Oct | Nov | Dec
Report for 2018 11
MONTHLY CLIMATOLOGICAL SUMMARY for NOV. 2018
NAME: White Birch CITY: Archbald STATE: PA
ELEV: 968 ft LAT: 41° 29' 21" N LONG: 75° 33' 49" W
TEMPERATURE (°F), RAIN (in), WIND SPEED (mph)
HEAT COOL AVG
MEAN DEG DEG WIND DOM
DAY TEMP HIGH TIME LOW TIME DAYS DAYS RAIN SPEED HIGH TIME DIR
------------------------------------------------------------------------------------
1 58.1 65.0 23:45 54.8 19:15 6.9 0.0 0.00 0.4 13.0 23:30 WNW
2 60.8 65.4 8:00 53.0 00:00 4.2 0.0 0.95 0.5 13.0 8:00 NW
3 47.8 53.1 0:15 43.3 10:30 17.2 0.0 0.17 2.1 24.0 13:30 WNW
4 46.1 57.5 14:45 36.1 7:15 18.9 0.0 0.00 0.5 11.0 21:30 WNW
5 45.5 46.7 23:45 42.9 0:30 19.5 0.0 0.26 0.7 14.0 4:45 W
6 51.7 56.2 15:15 46.6 0:15 13.3 0.0 0.29 0.4 11.0 8:30 WNW
7 50.6 57.7 15:30 42.5 7:15 14.4 0.0 0.01 2.1 16.0 11:15 NW
8 41.0 51.4 15:15 31.8 00:00 24.0 0.0 0.00 0.6 11.0 12:45 WNW
9 37.4 42.7 23:00 30.4 3:30 27.6 0.0 0.95 0.5 13.0 11:30 WNW
10 36.9 43.3 2:30 33.2 11:45 28.1 0.0 0.04 3.1 21.0 12:45 WNW
11 34.2 43.9 14:00 27.3 00:00 30.8 0.0 0.00 1.1 12.0 9:30 WNW
12 36.5 48.3 14:00 23.6 7:15 28.5 0.0 0.04 0.6 9.0 11:45 SE
13 37.2 39.3 12:15 32.9 23:45 27.8 0.0 0.61 0.8 11.0 14:45 WNW
14 30.6 34.8 14:45 25.8 00:00 34.4 0.0 0.00 1.7 19.0 11:45 WNW
15 26.5 30.0 00:00 24.2 18:45 38.5 0.0 0.00 0.8 13.0 23:30 SE
16 32.9 37.0 15:30 28.7 8:15 32.1 0.0 0.08 1.5 11.0 16:00 WNW
17 36.7 41.0 13:15 34.4 0:15 28.3 0.0 0.37 1.6 10.0 0:45 WNW
18 36.1 39.9 11:15 30.5 7:15 28.9 0.0 0.08 0.4 9.0 17:00 SE
19 36.3 39.9 13:00 34.9 4:30 28.7 0.0 0.39 0.0 2.0 12:15 S
20 36.2 41.2 14:45 32.9 22:00 28.8 0.0 0.06 1.0 12.0 14:45 WNW
21 31.4 36.8 12:15 20.0 00:00 33.6 0.0 0.01 2.7 16.0 23:30 WNW
22 16.9 25.3 13:45 8.7 00:00 48.1 0.0 0.00 1.7 16.0 11:45 WNW
23 18.8 31.9 14:30 3.6 7:30 46.2 0.0 0.00 0.8 11.0 13:45 SSE
24 31.5 42.2 23:30 19.3 4:30 33.5 0.0 0.55 0.3 12.0 13:15 NW
25 39.2 44.3 15:30 32.0 00:00 25.8 0.0 0.00 0.0 5.0 9:30 SE
26 40.6 45.9 15:00 30.7 2:30 24.4 0.0 0.43 1.1 21.0 6:00 SE
27 34.9 39.6 0:15 31.5 23:15 30.1 0.0 0.17 2.9 17.0 9:45 WNW
28 33.5 35.5 00:00 31.4 7:15 31.5 0.0 0.00 3.9 17.0 5:30 WNW
29 36.1 38.3 12:45 33.7 00:00 28.9 0.0 0.02 1.7 14.0 0:15 WNW
30 34.9 37.1 11:30 32.8 2:00 30.1 0.0 0.03 0.0 4.0 19:30 WNW
-------------------------------------------------------------------------------------
37.9 65.4 2 3.6 23 813.1 0.0 5.51 1.2 24.0 3 WNW
Max >= 90.0: 0
Max <= 32.0: 3
Min <= 32.0: 16
Min <= 0.0: 0
Max Rain: 0.95 ON 11/02/18
Days of Rain: 18 (>.01 in) 11 (>.1 in) 0 (>1 in)
Heat Base: 65.0 Cool Base: 65.0 Method: Integration