NOAA Climate Reports - Current Month, Prior Months, Current and Prior Year Summaries

NOAA style reports

NOAA Climate Reports

2019: Jan | Feb | Mar | Apr | May | Jun | Jul | Aug | Sep | Oct | Nov | Dec 
2018: Jan | Feb | Mar | Apr | May | Jun | Jul | Aug | Sep | Oct | Nov | Dec 
2017: Jan | Feb | Mar | Apr | May | Jun | Jul | Aug | Sep | Oct | Nov | Dec 
2016: Jan | Feb | Mar | Apr | May | Jun | Jul | Aug | Sep | Oct | Nov | Dec 

Report for 2018 10
MONTHLY CLIMATOLOGICAL SUMMARY for OCT. 2018 NAME: White Birch CITY: Archbald STATE: PA ELEV: 968 ft LAT: 41 29' 21" N LONG: 75 33' 49" W TEMPERATURE (F), RAIN (in), WIND SPEED (mph) HEAT COOL AVG MEAN DEG DEG WIND DOM DAY TEMP HIGH TIME LOW TIME DAYS DAYS RAIN SPEED HIGH TIME DIR ------------------------------------------------------------------------------------ 1 63.3 77.5 16:30 51.0 4:45 4.9 3.1 0.00 0.5 7.0 11:00 WNW 2 67.8 73.7 12:45 63.2 2:00 0.4 3.1 0.60 0.7 11.0 21:15 WNW 3 61.2 64.8 16:15 51.2 00:00 3.8 0.0 0.00 0.4 8.0 0:45 WNW 4 59.8 73.0 12:30 48.8 3:15 7.0 1.7 0.21 0.2 8.0 12:45 SSE 5 59.8 71.6 16:00 50.8 2:15 6.2 1.0 0.00 0.4 7.0 15:45 WNW 6 64.3 68.6 14:45 61.0 3:45 1.6 1.0 0.00 0.4 8.0 14:00 W 7 70.7 80.9 15:00 66.2 0:15 0.0 5.7 0.00 0.7 9.0 12:30 NW 8 66.7 69.9 15:15 64.1 4:15 0.1 1.8 0.09 0.2 7.0 14:30 E 9 70.7 79.2 16:30 66.0 0:15 0.0 5.7 0.00 0.7 10.0 12:45 NW 10 71.3 79.9 16:00 65.6 3:00 0.0 6.3 0.01 0.5 12.0 16:15 WNW 11 68.3 70.4 9:00 60.4 00:00 0.1 3.4 1.61 0.0 7.0 18:30 NW 12 52.7 60.4 0:15 47.5 23:00 12.3 0.0 0.01 1.1 11.0 11:00 WNW 13 46.4 54.8 16:45 39.8 00:00 18.6 0.0 0.30 0.5 10.0 14:00 WNW 14 46.0 58.0 14:00 38.4 2:45 19.0 0.0 0.00 0.5 13.0 14:00 WNW 15 52.9 62.9 19:30 40.3 1:30 12.1 0.0 0.17 0.9 16.0 22:45 WNW 16 46.2 54.8 15:30 36.9 8:00 18.8 0.0 0.00 1.4 17.0 0:15 WNW 17 44.9 56.5 12:30 37.4 5:15 20.1 0.0 0.02 2.1 20.0 17:00 WNW 18 43.9 47.1 14:45 30.2 00:00 164.5 0.0 0.01 2.4 15.0 16:30 WNW 19 41.1 56.2 15:45 26.1 7:45 23.9 0.0 0.00 1.3 12.0 12:30 NW 20 49.0 57.9 15:45 41.3 00:00 16.0 0.0 0.23 1.4 16.0 14:00 WNW 21 37.5 42.5 16:45 34.6 11:00 27.5 0.0 0.04 1.4 16.0 11:30 WNW 22 39.5 46.8 17:00 35.5 6:45 25.5 0.0 0.00 0.8 11.0 13:30 WNW 23 45.8 59.2 14:45 39.3 8:00 19.2 0.0 0.02 1.6 18.0 15:45 WNW 24 40.2 46.0 16:30 37.0 23:30 24.8 0.0 0.01 1.1 12.0 18:00 WNW 25 38.3 47.6 14:45 34.1 00:00 26.7 0.0 0.00 0.8 11.0 14:00 WNW 26 38.2 50.4 16:45 28.7 7:15 26.8 0.0 0.00 0.3 9.0 19:00 SSW 27 39.3 42.1 17:30 36.4 9:45 25.7 0.0 0.88 0.8 11.0 3:15 WNW 28 41.9 46.3 17:00 38.6 4:00 23.1 0.0 0.11 0.7 12.0 11:00 WNW 29 45.3 49.4 14:00 42.0 00:00 19.7 0.0 0.23 1.3 15.0 10:00 WNW 30 42.0 55.0 16:00 32.7 7:30 23.0 0.0 0.01 1.1 12.0 12:45 WNW 31 49.7 67.6 14:45 30.8 4:30 15.5 0.2 0.00 0.8 13.0 14:45 S ------------------------------------------------------------------------------------- 51.8 80.9 7 26.1 19 586.9 33.0 4.56 0.9 20.0 17 WNW Max >= 90.0: 0 Max <= 32.0: 0 Min <= 32.0: 4 Min <= 0.0: 0 Max Rain: 1.61 ON 10/11/18 Days of Rain: 13 (>.01 in) 9 (>.1 in) 1 (>1 in) Heat Base: 65.0 Cool Base: 65.0 Method: Integration