NOAA Climate Reports - Current Month, Prior Months, Current and Prior Year Summaries

NOAA style reports

NOAA Climate Reports

2019: Jan | Feb | Mar | Apr | May | Jun | Jul | Aug | Sep | Oct | Nov | Dec 
2018: Jan | Feb | Mar | Apr | May | Jun | Jul | Aug | Sep | Oct | Nov | Dec 
2017: Jan | Feb | Mar | Apr | May | Jun | Jul | Aug | Sep | Oct | Nov | Dec 
2016: Jan | Feb | Mar | Apr | May | Jun | Jul | Aug | Sep | Oct | Nov | Dec 

Report for 2018 08
MONTHLY CLIMATOLOGICAL SUMMARY for AUG. 2018 NAME: White Birch CITY: Archbald STATE: PA ELEV: 968 ft LAT: 41 29' 21" N LONG: 75 33' 49" W TEMPERATURE (F), RAIN (in), WIND SPEED (mph) HEAT COOL AVG MEAN DEG DEG WIND DOM DAY TEMP HIGH TIME LOW TIME DAYS DAYS RAIN SPEED HIGH TIME DIR ------------------------------------------------------------------------------------ 1 69.6 80.2 15:15 64.7 4:15 0.0 4.6 1.26 0.6 11.0 14:45 ESE 2 68.4 75.2 12:45 64.3 4:30 0.1 3.5 0.11 0.4 8.0 12:00 NW 3 68.4 77.4 13:45 64.8 6:45 0.0 3.4 0.87 0.5 14.0 18:30 WNW 4 71.2 83.8 16:15 64.3 5:15 0.1 6.3 0.06 0.4 9.0 16:15 WNW 5 71.9 87.6 16:15 57.6 6:45 1.8 8.7 0.00 0.5 9.0 14:15 WNW 6 73.4 89.5 15:30 60.4 6:45 0.9 9.3 0.00 0.6 10.0 18:15 WNW 7 69.8 85.7 12:45 63.2 6:45 0.2 5.1 1.16 0.5 14.0 15:30 S 8 70.6 83.2 16:15 62.2 4:00 0.5 6.1 0.01 0.8 12.0 12:15 NW 9 70.1 81.3 17:15 60.1 00:00 0.4 5.4 0.03 0.6 11.0 16:30 WNW 10 66.7 79.3 17:00 54.9 6:45 3.0 4.7 0.00 0.5 10.0 15:15 SSW 11 67.2 76.3 16:30 62.5 6:00 0.7 2.8 0.47 0.2 7.0 12:15 ESE 12 68.9 83.0 15:00 63.5 6:45 0.3 4.1 0.03 0.2 7.0 14:15 SE 13 64.9 67.4 13:45 62.9 00:00 0.5 0.4 3.37 0.0 6.0 2:15 W 14 64.1 70.0 15:45 61.3 00:00 1.5 0.6 0.72 0.7 12.0 16:30 NW 15 69.5 82.3 16:45 59.6 2:30 1.6 6.2 0.02 0.7 10.0 14:00 NW 16 71.9 85.3 14:30 61.0 7:00 0.7 7.6 0.00 0.5 9.0 13:45 WNW 17 70.9 84.5 15:15 63.4 5:15 0.3 6.1 0.80 0.9 18.0 19:00 NW 18 68.3 77.8 12:45 62.7 00:00 0.2 3.5 0.16 0.6 14.0 14:30 NW 19 64.8 72.8 13:00 60.2 6:45 1.6 1.5 0.00 0.3 7.0 5:45 SE 20 65.2 73.7 14:30 57.8 7:30 1.9 2.2 0.00 0.6 8.0 14:30 SE 21 64.6 70.8 13:00 61.9 6:30 1.0 0.6 0.10 0.8 11.0 14:15 SE 22 65.4 76.8 16:30 60.2 00:00 1.5 1.9 0.33 1.1 14.0 17:15 WNW 23 62.0 73.9 17:30 53.0 00:00 4.9 1.9 0.01 0.6 10.0 15:45 WNW 24 62.5 79.2 14:30 46.9 7:00 6.8 4.3 0.00 0.4 9.0 14:15 WNW 25 62.9 76.8 13:45 50.1 6:45 5.1 3.0 0.00 0.7 11.0 16:00 NW 26 65.0 77.4 13:30 53.2 7:00 3.5 3.5 0.00 1.0 14.0 13:30 NW 27 71.3 84.0 15:00 60.6 2:45 1.0 7.3 0.00 0.6 9.0 16:15 WNW 28 75.2 87.9 14:45 63.9 6:15 0.1 10.3 0.00 1.2 14.0 16:30 S 29 75.9 87.4 14:15 64.5 7:00 0.0 10.9 0.00 1.2 14.0 15:45 NW 30 71.7 83.0 16:00 62.3 22:45 0.2 6.9 0.00 0.5 9.0 12:45 WNW 31 62.1 65.0 16:45 59.5 11:30 2.9 0.0 0.53 0.5 10.0 16:15 ESE ------------------------------------------------------------------------------------- 68.2 89.5 6 46.9 24 43.3 142.7 10.04 0.6 18.0 17 WNW Max >= 90.0: 0 Max <= 32.0: 0 Min <= 32.0: 0 Min <= 0.0: 0 Max Rain: 3.37 ON 08/13/18 Days of Rain: 16 (>.01 in) 11 (>.1 in) 3 (>1 in) Heat Base: 65.0 Cool Base: 65.0 Method: Integration