NOAA Climate Reports - Current Month, Prior Months, Current and Prior Year Summaries

NOAA style reports

NOAA Climate Reports

2019: Jan | Feb | Mar | Apr | May | Jun | Jul | Aug | Sep | Oct | Nov | Dec 
2018: Jan | Feb | Mar | Apr | May | Jun | Jul | Aug | Sep | Oct | Nov | Dec 
2017: Jan | Feb | Mar | Apr | May | Jun | Jul | Aug | Sep | Oct | Nov | Dec 
2016: Jan | Feb | Mar | Apr | May | Jun | Jul | Aug | Sep | Oct | Nov | Dec 

Report for 2018 07
MONTHLY CLIMATOLOGICAL SUMMARY for JUN. 2018 NAME: White Birch CITY: Archbald STATE: PA ELEV: 968 ft LAT: 41 29' 21" N LONG: 75 33' 49" W TEMPERATURE (F), RAIN (in), WIND SPEED (mph) HEAT COOL AVG MEAN DEG DEG WIND DOM DAY TEMP HIGH TIME LOW TIME DAYS DAYS RAIN SPEED HIGH TIME DIR ------------------------------------------------------------------------------------ 1 76.6 90.2 15:30 67.6 00:00 0.0 11.6 0.27 0.7 10.0 13:00 WNW 2 70.4 77.3 12:30 65.2 00:00 0.0 5.4 0.00 0.4 11.0 13:00 W 3 62.6 66.4 16:00 56.3 00:00 2.5 0.1 0.02 1.2 14.0 11:45 SE 4 61.2 71.4 18:45 52.4 4:45 5.3 1.5 0.08 1.0 10.0 15:15 WNW 5 59.2 72.1 17:30 47.6 6:15 6.8 1.0 0.01 0.7 12.0 11:00 WNW 6 59.0 70.2 14:30 50.7 1:15 6.6 0.5 0.00 0.4 10.0 14:30 W 7 64.6 78.0 15:45 52.2 3:00 4.5 4.1 0.00 0.9 16.0 13:00 WNW 8 68.8 85.6 17:15 51.1 6:00 4.0 7.8 0.00 0.6 10.0 18:00 WNW 9 68.6 83.2 15:30 54.5 6:30 2.7 6.3 0.00 0.3 6.0 10:30 W 10 60.3 64.0 0:15 57.7 00:00 8.4 0.0 0.11 0.0 8.0 9:45 ESE 11 66.7 80.9 15:15 54.6 6:30 3.4 5.1 0.00 0.9 9.0 18:00 SE 12 65.6 79.9 15:45 47.6 6:45 4.6 5.2 0.00 1.5 16.0 16:30 S 13 67.4 74.5 19:15 60.1 4:45 1.2 3.5 0.03 1.5 13.0 22:45 NW 14 71.2 83.3 15:00 59.0 00:00 0.8 7.0 0.00 2.8 19.0 9:15 WNW 15 66.2 82.8 14:45 51.5 5:30 4.3 5.5 0.00 0.7 12.0 15:30 W 16 67.6 88.3 16:45 46.4 6:00 5.8 8.3 0.00 0.6 10.0 14:30 WNW 17 74.5 94.7 16:30 53.1 6:15 3.1 12.6 0.00 0.7 9.0 17:15 WNW 18 77.6 94.5 15:30 63.5 6:15 0.1 12.7 0.21 1.4 16.0 15:45 NW 19 75.7 86.5 15:15 65.0 00:00 0.0 10.7 0.07 1.1 11.0 11:15 W 20 69.5 81.9 13:00 60.1 5:30 1.2 5.7 0.00 0.4 8.0 12:00 WNW 21 71.7 84.3 17:30 61.8 5:30 0.6 7.4 0.02 0.5 9.0 15:45 W 22 66.3 75.1 16:15 55.3 4:15 2.2 3.5 0.00 1.1 15.0 18:00 SE 23 62.8 73.2 15:30 54.1 8:15 3.4 1.2 0.08 0.5 10.0 3:15 SE 24 69.2 81.0 14:30 60.9 00:00 0.6 4.8 0.38 1.3 16.0 17:45 NW 25 65.6 78.2 16:45 53.3 00:00 3.4 4.0 0.00 1.0 11.0 9:45 WNW 26 65.0 80.6 15:45 47.1 6:15 5.5 5.5 0.00 1.1 10.0 13:30 ESE 27 65.0 68.3 0:15 61.2 5:30 0.7 0.8 0.20 0.5 10.0 23:30 WNW 28 73.0 82.4 19:00 67.0 0:15 0.0 8.0 0.77 0.7 9.0 10:15 WNW 29 75.4 90.8 15:00 60.9 5:45 0.6 11.0 0.00 0.7 11.0 11:30 WNW 30 76.7 91.7 15:15 59.6 6:15 1.0 12.7 0.00 1.1 11.0 13:30 NW ------------------------------------------------------------------------------------- 68.1 94.7 17 46.4 16 83.3 173.5 2.25 0.9 19.0 14 WNW Max >= 90.0: 5 Max <= 32.0: 0 Min <= 32.0: 0 Min <= 0.0: 0 Max Rain: 0.77 ON 06/28/18 Days of Rain: 12 (>.01 in) 6 (>.1 in) 0 (>1 in) Heat Base: 65.0 Cool Base: 65.0 Method: Integration