NOAA Climate Reports - Current Month, Prior Months, Current and Prior Year Summaries

NOAA style reports

NOAA Climate Reports

2019: Jan | Feb | Mar | Apr | May | Jun | Jul | Aug | Sep | Oct | Nov | Dec 
2018: Jan | Feb | Mar | Apr | May | Jun | Jul | Aug | Sep | Oct | Nov | Dec 
2017: Jan | Feb | Mar | Apr | May | Jun | Jul | Aug | Sep | Oct | Nov | Dec 
2016: Jan | Feb | Mar | Apr | May | Jun | Jul | Aug | Sep | Oct | Nov | Dec 

Report for 2018 04
MONTHLY CLIMATOLOGICAL SUMMARY for APR. 2018 NAME: White Birch CITY: Archbald STATE: PA ELEV: 968 ft LAT: 41 29' 21" N LONG: 75 33' 49" W TEMPERATURE (F), RAIN (in), WIND SPEED (mph) HEAT COOL AVG MEAN DEG DEG WIND DOM DAY TEMP HIGH TIME LOW TIME DAYS DAYS RAIN SPEED HIGH TIME DIR ------------------------------------------------------------------------------------ 1 43.9 50.8 16:45 33.1 00:00 21.1 0.0 0.03 1.4 16.0 14:30 WNW 2 37.9 45.8 17:45 31.0 7:15 27.1 0.0 0.31 0.6 10.0 14:15 W 3 37.4 41.4 23:45 32.4 2:15 27.6 0.0 0.28 0.6 11.0 10:00 ESE 4 45.0 52.9 12:30 33.7 00:00 20.0 0.0 0.01 4.6 30.0 12:45 WNW 5 33.1 41.4 16:30 26.5 7:00 31.9 0.0 0.00 3.7 21.0 17:45 WNW 6 38.5 55.0 18:30 25.1 3:15 26.5 0.0 0.00 1.9 22.0 18:45 WNW 7 36.1 45.4 16:30 28.4 00:00 28.9 0.0 0.01 2.0 15.0 8:45 W 8 29.8 39.7 16:30 20.3 7:30 35.2 0.0 0.00 1.2 14.0 17:30 W 9 34.6 48.0 15:30 24.1 3:30 30.4 0.0 0.00 1.3 12.0 19:30 WNW 10 36.8 45.1 13:30 28.1 00:00 28.2 0.0 0.01 1.1 12.0 13:45 W 11 37.0 48.9 17:30 22.4 7:00 28.0 0.0 0.00 1.6 16.0 13:45 WNW 12 49.2 61.4 21:00 35.9 6:00 15.8 0.0 0.02 1.2 19.0 16:00 WNW 13 66.1 82.1 16:30 50.6 4:00 4.5 5.6 0.00 1.2 19.0 17:00 S 14 66.2 81.6 14:30 44.3 1:30 4.9 4.2 0.00 1.8 25.0 1:15 W 15 45.1 47.3 0:15 43.4 2:15 1.9 0.0 0.00 4.7 25.0 1:15 SE 16 47.7 52.3 14:45 41.3 11:00 3.6 0.0 0.65 2.3 39.0 14:45 SE 17 36.3 41.3 13:15 32.3 00:00 28.7 0.0 0.04 2.7 13.0 11:15 WNW 18 39.2 49.1 16:45 32.3 0:15 25.8 0.0 0.00 2.1 15.0 11:15 WNW 19 36.7 42.6 15:45 33.0 21:00 28.3 0.0 0.08 1.3 15.0 16:45 WNW 20 36.1 45.0 16:15 31.0 00:00 28.9 0.0 0.02 1.9 15.0 13:15 W 21 43.4 61.0 16:15 26.4 7:00 21.6 0.0 0.00 1.0 13.0 14:00 W 22 48.7 68.6 5:15 27.9 7:00 16.6 0.4 0.00 0.8 12.0 13:45 WNW 23 53.8 72.9 13:45 30.7 6:30 12.9 1.7 0.00 2.0 14.0 22:00 SE 24 55.9 67.8 15:00 39.5 7:15 9.3 0.2 0.02 3.3 21.0 15:00 SE 25 54.6 62.2 16:15 48.7 3:15 10.4 0.0 0.57 0.2 9.0 13:45 WNW 26 54.9 66.2 15:30 46.5 5:45 10.1 0.0 0.00 2.3 18.0 11:45 W 27 49.9 55.4 14:45 45.1 1:15 15.1 0.0 0.32 0.4 10.0 15:15 ESE 28 53.9 71.2 15:00 45.1 5:30 11.5 0.4 0.10 1.4 17.0 16:30 WNW 29 43.7 48.3 0:15 40.7 22:00 21.3 0.0 0.00 1.8 17.0 13:30 W 30 49.0 61.0 18:30 39.1 7:15 16.0 0.0 0.00 2.0 18.0 14:15 W ------------------------------------------------------------------------------------- 44.4 82.1 16:30 20.3 7:30 591.1 12.5 2.55 1.7 39.0 16:00 WNW Max >= 90.0: 0 Max <= 32.0: 0 Min <= 32.0: 13 Min <= 0.0: 0 Max Rain: 0.73 ON 04/16/18 Days of Rain: 12 (>.01 in) 5 (>.1 in) 0 (>1 in) Heat Base: 65.0 Cool Base: 65.0 Method: Integration