NOAA Climate Reports - Current Month, Prior Months, Current and Prior Year Summaries

NOAA style reports

NOAA Climate Reports

2018: Jan | Feb | Mar | Apr | May | Jun | Jul | Aug | Sep | Oct | Nov | Dec 
2017: Jan | Feb | Mar | Apr | May | Jun | Jul | Aug | Sep | Oct | Nov | Dec 
2016: Jan | Feb | Mar | Apr | May | Jun | Jul | Aug | Sep | Oct | Nov | Dec 

Report for 2018 03
MONTHLY CLIMATOLOGICAL SUMMARY for MAR. 2018 NAME: White Birch CITY: Archbald STATE: PA ELEV: 968 ft LAT: 41 29' 21" N LONG: 75 33' 49" W TEMPERATURE (F), RAIN (in), WIND SPEED (mph) HEAT COOL AVG MEAN DEG DEG WIND DOM DAY TEMP HIGH TIME LOW TIME DAYS DAYS RAIN SPEED HIGH TIME DIR ------------------------------------------------------------------------------------ 1 46.4 55.3 13:15 39.6 5:00 18.6 0.0 0.54 0.4 11.0 15:45 W 2 32.8 42.3 0:15 28.7 19:45 32.2 0.0 1.35 0.9 14.0 1:45 SW 3 32.4 37.4 12:15 29.0 0:45 32.6 0.0 0.00 1.1 13.0 17:30 SSE 4 32.4 41.0 14:00 23.8 00:00 32.6 0.0 0.00 1.5 14.0 15:45 W 5 30.9 39.3 13:45 23.8 0:15 34.1 0.0 0.00 0.8 10.0 12:00 W 6 35.1 47.0 13:30 19.2 7:15 29.9 0.0 0.00 1.9 16.0 20:30 SE 7 33.6 35.1 0:15 32.2 23:45 31.4 0.0 0.23 0.7 13.0 2:15 ESE 8 32.0 38.0 14:00 25.7 23:00 33.0 0.0 0.00 1.2 12.0 12:00 W 9 31.2 40.3 15:45 25.2 0:30 33.8 0.0 0.02 2.9 21.0 11:15 WNW 10 32.5 35.9 15:15 27.9 5:30 208.6 0.0 0.00 2.1 15.0 13:15 W 11 33.1 41.9 16:30 26.3 00:00 30.6 0.0 0.00 1.1 12.0 10:45 WNW 12 29.9 40.2 14:30 18.3 7:30 35.1 0.0 0.06 0.6 11.0 14:30 SE 13 31.2 35.9 17:30 27.7 00:00 39.5 0.0 0.13 1.3 14.0 15:00 WNW 14 29.3 35.7 14:00 25.6 7:00 35.7 0.0 0.04 3.7 21.0 15:45 WNW 15 32.8 43.6 15:45 24.3 7:45 32.2 0.0 0.03 3.2 19.0 15:00 WNW 16 29.4 33.7 16:45 24.7 00:00 35.6 0.0 0.02 3.6 19.0 12:00 WNW 17 32.2 46.6 17:00 21.4 8:00 32.8 0.0 0.00 2.7 19.0 14:45 WNW 18 31.7 43.8 17:30 18.7 8:00 33.3 0.0 0.00 1.1 13.0 16:00 W 19 32.9 43.8 16:00 24.9 4:15 32.1 0.0 0.00 0.7 12.0 11:45 W 20 30.2 39.1 17:00 18.9 6:45 34.8 0.0 0.00 0.7 13.0 15:00 SE 21 34.9 40.1 14:45 29.5 10:30 30.1 0.0 0.02 0.6 12.0 10:00 WNW 22 36.2 46.9 14:30 27.3 7:45 28.8 0.0 0.00 1.4 16.0 13:00 W 23 35.1 45.0 13:00 26.8 7:45 29.9 0.0 0.00 1.0 11.0 15:30 W 24 35.2 47.3 15:30 25.9 8:00 29.8 0.0 0.00 1.1 13.0 15:00 W 25 32.5 46.4 17:45 20.1 5:45 32.5 0.0 0.00 1.2 13.0 12:30 SE 26 37.7 49.4 15:45 26.7 7:15 27.3 0.0 0.00 1.7 15.0 14:15 SE 27 36.4 43.5 14:45 30.1 6:30 28.6 0.0 0.10 1.6 15.0 14:00 SE 28 41.0 48.2 18:00 34.8 0:15 24.0 0.0 0.09 0.1 4.0 8:45 SE 29 49.7 56.7 16:30 44.1 5:15 15.3 0.0 0.00 0.4 8.0 22:00 WNW 30 46.2 54.9 1:30 36.8 00:00 18.8 0.0 0.20 1.0 13.0 17:00 W 31 42.6 56.9 16:30 27.5 7:30 22.4 0.0 0.00 2.1 19.0 17:45 S ------------------------------------------------------------------------------------- 34.8 56.9 31 18.3 12 1116.0 0.0 2.83 1.4 21.0 9 WNW Max >= 90.0: 0 Max <= 32.0: 0 Min <= 32.0: 26 Min <= 0.0: 0 Max Rain: 1.35 ON 03/02/18 Days of Rain: 13 (>.01 in) 5 (>.1 in) 1 (>1 in) Heat Base: 65.0 Cool Base: 65.0 Method: Integration