NOAA Climate Reports - Current Month, Prior Months, Current and Prior Year Summaries

NOAA style reports

NOAA Climate Reports

2018: Jan | Feb | Mar | Apr | May | Jun | Jul | Aug | Sep | Oct | Nov | Dec 
2017: Jan | Feb | Mar | Apr | May | Jun | Jul | Aug | Sep | Oct | Nov | Dec 
2016: Jan | Feb | Mar | Apr | May | Jun | Jul | Aug | Sep | Oct | Nov | Dec 

Report for 2018 01
MONTHLY CLIMATOLOGICAL SUMMARY for JAN. 2018 NAME: White Birch CITY: Archbald STATE: PA ELEV: 968 ft LAT: 41 29' 21" N LONG: 75 33' 49" W TEMPERATURE (F), RAIN (in), WIND SPEED (mph) HEAT COOL AVG MEAN DEG DEG WIND DOM DAY TEMP HIGH TIME LOW TIME DAYS DAYS RAIN SPEED HIGH TIME DIR ------------------------------------------------------------------------------------ 1 7.4 16.9 14:15 -2.6 7:15 57.6 0.0 0.00 1.4 15.0 12:45 WNW 2 13.2 21.7 14:00 7.9 5:00 51.8 0.0 0.00 2.4 14.0 15:00 WNW 3 15.1 25.6 15:45 -0.1 8:00 49.9 0.0 0.00 0.4 6.0 12:45 WNW 4 18.8 22.6 13:45 10.3 00:00 46.2 0.0 0.04 1.7 19.0 14:00 W 5 6.6 10.7 14:45 3.5 8:45 58.4 0.0 0.00 5.2 26.0 13:30 WNW 6 4.4 9.2 15:00 1.0 00:00 60.6 0.0 0.00 3.7 19.0 10:30 WNW 7 8.1 18.1 00:00 -4.3 7:45 56.9 0.0 0.00 1.1 10.0 21:00 WNW 8 23.6 28.5 22:45 17.8 4:00 41.4 0.0 0.00 1.0 10.0 0:30 WNW 9 31.5 38.6 15:00 27.4 00:00 33.5 0.0 0.00 1.6 14.0 10:15 WNW 10 30.1 40.1 13:00 15.7 8:00 34.9 0.0 0.00 0.6 11.0 15:30 SE 11 45.5 56.7 00:00 33.6 0:15 19.5 0.0 0.00 0.9 16.0 20:15 WNW 12 58.3 64.7 14:15 37.3 00:00 6.7 0.0 0.43 2.0 18.0 4:00 WNW 13 20.5 37.3 0:15 9.4 00:00 44.5 0.0 0.51 1.9 17.0 6:30 W 14 12.8 21.3 13:45 7.4 7:45 52.2 0.0 0.00 0.8 10.0 10:45 W 15 17.5 24.7 16:00 7.6 2:45 47.5 0.0 0.00 0.3 10.0 3:15 NNE 16 27.3 31.1 15:00 23.1 0:15 37.7 0.0 0.00 0.1 8.0 3:00 SSW 17 20.8 28.8 0:15 1.4 00:00 44.2 0.0 0.00 0.4 9.0 15:15 W 18 12.7 27.4 15:00 -2.4 8:00 52.3 0.0 0.00 0.6 15.0 13:30 W 19 22.5 36.8 16:00 6.3 7:15 42.5 0.0 0.00 0.7 12.0 12:15 WNW 20 35.9 43.3 13:15 28.8 00:00 29.1 0.0 0.00 1.3 11.0 11:15 WNW 21 34.1 46.3 12:00 23.8 6:00 30.9 0.0 0.00 0.1 6.0 12:30 WNW 22 41.3 46.9 14:15 36.4 6:00 23.7 0.0 0.01 0.3 14.0 20:15 ESE 23 43.7 49.2 14:00 38.1 21:30 21.3 0.0 0.88 1.4 19.0 17:45 WNW 24 30.3 39.3 2:30 20.2 23:45 34.7 0.0 0.00 2.7 20.0 3:15 WNW 25 23.7 31.7 14:00 17.6 3:00 41.3 0.0 0.00 1.2 12.0 9:30 W 26 28.3 41.7 15:15 14.4 7:45 36.7 0.0 0.00 0.9 11.0 16:15 S 27 37.9 53.9 15:45 22.0 7:15 27.1 0.0 0.00 0.8 20.0 15:30 S 28 41.6 48.9 14:45 32.0 00:00 23.4 0.0 0.06 0.2 8.0 14:00 WNW 29 35.0 44.2 14:30 25.9 8:15 30.0 0.0 0.00 0.5 11.0 11:00 SE 30 26.1 34.1 0:15 14.0 00:00 38.9 0.0 0.00 1.6 18.0 20:30 W 31 19.7 28.0 23:15 9.6 6:30 45.3 0.0 0.00 1.3 12.0 18:45 WNW ------------------------------------------------------------------------------------- 25.6 64.7 12 -4.3 7 1220.7 0.0 1.93 1.3 26.0 5 WNW Max >= 90.0: 0 Max <= 32.0: 15 Min <= 32.0: 27 Min <= 0.0: 4 Max Rain: 0.88 ON 01/23/18 Days of Rain: 5 (>.01 in) 3 (>.1 in) 0 (>1 in) Heat Base: 65.0 Cool Base: 65.0 Method: Integration