NOAA Climate Reports - Current Month, Prior Months, Current and Prior Year Summaries. Station 1st Report 17 Ocr 2014
NOAA style reports
NOAA Climate Reports
Notice: Undefined index: NOAA2024.TXT in /membri/k3csg/NOAA-reports.php on line 185
2024: Jan | Feb | Mar |
Notice: Undefined index: NOAA2024-04.TXT in /membri/k3csg/NOAA-reports.php on line 196
Apr |
Notice: Undefined index: NOAA2024-05.TXT in /membri/k3csg/NOAA-reports.php on line 196
May |
Notice: Undefined index: NOAA2024-06.TXT in /membri/k3csg/NOAA-reports.php on line 196
Jun |
Notice: Undefined index: NOAA2024-07.TXT in /membri/k3csg/NOAA-reports.php on line 196
Jul |
Notice: Undefined index: NOAA2024-08.TXT in /membri/k3csg/NOAA-reports.php on line 196
Aug |
Notice: Undefined index: NOAA2024-09.TXT in /membri/k3csg/NOAA-reports.php on line 196
Sep |
Notice: Undefined index: NOAA2024-10.TXT in /membri/k3csg/NOAA-reports.php on line 196
Oct |
Notice: Undefined index: NOAA2024-11.TXT in /membri/k3csg/NOAA-reports.php on line 196
Nov |
Notice: Undefined index: NOAA2024-12.TXT in /membri/k3csg/NOAA-reports.php on line 196
Dec
2023: Jan | Feb | Mar | Apr | May | Jun | Jul | Aug | Sep | Oct | Nov | Dec
2022: Jan | Feb | Mar | Apr | May | Jun | Jul | Aug | Sep | Oct | Nov | Dec
2021: Jan | Feb | Mar | Apr | May | Jun | Jul | Aug | Sep | Oct | Nov | Dec
2020: Jan | Feb | Mar | Apr | May | Jun | Jul | Aug | Sep | Oct | Nov | Dec
2019: Jan | Feb | Mar | Apr | May | Jun | Jul | Aug | Sep | Oct | Nov | Dec
2018: Jan | Feb | Mar | Apr | May | Jun | Jul | Aug | Sep | Oct | Nov | Dec
2017: Jan | Feb | Mar | Apr | May | Jun | Jul | Aug | Sep | Oct | Nov | Dec
2016: Jan | Feb | Mar | Apr | May | Jun | Jul | Aug | Sep | Oct | Nov | Dec
2015: Jan | Feb | Mar | Apr | May | Jun | Jul | Aug | Sep | Oct | Nov | Dec
2014:
Notice: Undefined index: NOAA2014-01.TXT in /membri/k3csg/NOAA-reports.php on line 196
Jan |
Notice: Undefined index: NOAA2014-02.TXT in /membri/k3csg/NOAA-reports.php on line 196
Feb |
Notice: Undefined index: NOAA2014-03.TXT in /membri/k3csg/NOAA-reports.php on line 196
Mar |
Notice: Undefined index: NOAA2014-04.TXT in /membri/k3csg/NOAA-reports.php on line 196
Apr |
Notice: Undefined index: NOAA2014-05.TXT in /membri/k3csg/NOAA-reports.php on line 196
May |
Notice: Undefined index: NOAA2014-06.TXT in /membri/k3csg/NOAA-reports.php on line 196
Jun |
Notice: Undefined index: NOAA2014-07.TXT in /membri/k3csg/NOAA-reports.php on line 196
Jul |
Notice: Undefined index: NOAA2014-08.TXT in /membri/k3csg/NOAA-reports.php on line 196
Aug |
Notice: Undefined index: NOAA2014-09.TXT in /membri/k3csg/NOAA-reports.php on line 196
Sep | Oct | Nov | Dec
Report for 2017 12
MONTHLY CLIMATOLOGICAL SUMMARY for DEC. 2017
NAME: White Birch CITY: Archbald STATE: PA
ELEV: 968 ft LAT: 41° 29' 21" N LONG: 75° 33' 49" W
TEMPERATURE (°F), RAIN (in), WIND SPEED (mph)
HEAT COOL AVG
MEAN DEG DEG WIND DOM
DAY TEMP HIGH TIME LOW TIME DAYS DAYS RAIN SPEED HIGH TIME DIR
------------------------------------------------------------------------------------
1 39.9 48.5 14:15 27.8 00:00 25.1 0.0 0.05 0.4 10.0 11:30 W
2 35.3 46.3 14:45 25.1 7:30 29.7 0.0 0.00 0.2 4.0 10:15 SE
3 35.6 47.5 15:00 28.5 00:00 29.4 0.0 0.00 0.3 8.0 14:30 NW
4 38.3 52.3 13:30 25.6 7:45 26.8 0.0 0.00 0.9 14.0 15:00 SE
5 50.3 54.9 13:00 46.5 0:15 14.7 0.0 0.12 2.8 20.0 11:00 S
6 37.5 51.0 0:15 31.8 19:30 27.5 0.0 0.16 2.9 23.0 0:30 WNW
7 34.2 40.7 14:15 29.5 8:00 30.8 0.0 0.00 2.2 17.0 12:45 WNW
8 28.7 33.2 11:30 24.5 7:15 36.3 0.0 0.00 1.3 11.0 13:45 WNW
9 28.9 31.4 13:45 26.3 00:00 36.1 0.0 0.10 0.1 3.0 1:45 W
10 28.2 36.4 13:00 20.6 5:45 36.8 0.0 0.00 1.4 17.0 13:00 S
11 32.2 36.8 11:15 28.9 1:45 32.8 0.0 0.00 1.6 13.0 23:45 WNW
12 33.1 39.5 11:30 18.2 00:00 31.9 0.0 0.02 2.5 21.0 16:00 WNW
13 19.8 26.2 15:00 15.6 5:45 45.2 0.0 0.01 4.1 25.0 12:45 WNW
14 19.8 25.3 12:00 10.8 00:00 45.2 0.0 0.11 1.1 19.0 12:00 W
15 15.3 21.3 12:30 6.5 7:30 49.7 0.0 0.01 0.4 8.0 20:45 SE
16 24.9 31.5 16:15 17.5 7:00 40.1 0.0 0.01 1.2 10.0 11:45 WNW
17 29.4 33.9 14:45 25.9 6:15 35.6 0.0 0.00 0.0 4.0 5:15 WSW
18 36.1 41.8 13:30 28.8 0:15 28.9 0.0 0.00 0.8 10.0 14:30 WSW
19 45.0 51.2 13:30 39.6 0:15 20.0 0.0 0.00 2.4 16.0 13:00 WNW
20 36.8 47.0 0:15 31.1 20:30 28.2 0.0 0.00 2.5 17.0 3:15 WNW
21 31.7 36.8 14:00 28.5 23:45 33.3 0.0 0.00 0.8 10.0 12:45 WNW
22 35.3 40.5 14:30 28.6 0:15 29.7 0.0 0.00 1.4 17.0 6:30 SE
23 39.1 44.8 17:00 33.7 23:00 25.9 0.0 0.59 0.5 12.0 17:30 WNW
24 34.5 40.9 13:15 30.5 7:45 30.5 0.0 0.00 1.2 13.0 20:15 SE
25 28.8 33.2 7:15 21.3 00:00 36.2 0.0 0.04 4.5 29.0 10:45 WNW
26 18.7 22.5 13:00 14.1 00:00 46.3 0.0 0.00 2.9 20.0 10:45 WNW
27 14.2 20.8 13:15 8.8 8:00 50.8 0.0 0.00 1.7 18.0 11:45 WNW
28 9.7 15.7 14:30 5.9 8:00 55.3 0.0 0.00 2.0 16.0 10:45 W
29 11.3 18.6 12:15 5.9 23:15 53.7 0.0 0.00 0.9 11.0 15:30 WNW
30 14.8 21.6 14:00 6.1 0:15 50.2 0.0 0.11 1.0 11.0 13:15 WNW
31 7.8 14.2 1:00 0.0 00:00 57.2 0.0 0.00 1.4 14.0 1:00 W
-------------------------------------------------------------------------------------
28.9 54.9 5 0.0 31 1119.9 0.0 1.33 1.5 29.0 25 WNW
Max >= 90.0: 0
Max <= 32.0: 11
Min <= 32.0: 28
Min <= 0.0: 1
Max Rain: 0.59 ON 12/23/17
Days of Rain: 9 (>.01 in) 5 (>.1 in) 0 (>1 in)
Heat Base: 65.0 Cool Base: 65.0 Method: Integration