NOAA Climate Reports - Current Month, Prior Months, Current and Prior Year Summaries

NOAA style reports

NOAA Climate Reports

2018: Jan | Feb | Mar | Apr | May | Jun | Jul | Aug | Sep | Oct | Nov | Dec 
2017: Jan | Feb | Mar | Apr | May | Jun | Jul | Aug | Sep | Oct | Nov | Dec 
2016: Jan | Feb | Mar | Apr | May | Jun | Jul | Aug | Sep | Oct | Nov | Dec 

Report for 2017 08
MONTHLY CLIMATOLOGICAL SUMMARY for AUG. 2017 NAME: White Birch CITY: Archbald STATE: PA ELEV: 968 ft LAT: 41 29' 21" N LONG: 75 33' 49" W TEMPERATURE (F), RAIN (in), WIND SPEED (mph) HEAT COOL AVG MEAN DEG DEG WIND DOM DAY TEMP HIGH TIME LOW TIME DAYS DAYS RAIN SPEED HIGH TIME DIR ------------------------------------------------------------------------------------ 1 72.4 88.9 13:30 59.3 6:30 1.3 8.7 0.00 0.6 9.0 17:15 WNW 2 69.7 89.7 14:00 61.5 6:15 0.6 5.4 0.72 0.6 28.0 14:45 W 3 74.3 91.0 16:15 60.0 6:45 1.0 10.3 0.00 1.0 11.0 17:15 WNW 4 74.3 88.1 12:45 65.6 6:30 0.0 9.3 0.04 1.4 18.0 15:45 WNW 5 68.3 75.3 16:45 59.9 00:00 0.3 3.6 0.37 1.7 15.0 12:00 WNW 6 65.2 79.4 15:45 52.7 6:45 3.7 3.9 0.00 0.9 10.0 12:30 WNW 7 61.7 64.1 19:15 58.0 2:15 3.3 0.0 0.28 0.0 5.0 12:15 NNE 8 68.8 81.5 16:45 59.4 00:00 1.4 5.2 0.01 0.8 11.0 14:45 W 9 68.4 86.6 15:45 51.7 6:45 4.0 7.5 0.00 0.7 8.0 12:30 W 10 69.5 85.2 15:30 54.9 6:45 2.6 7.0 0.00 0.4 7.0 12:15 NW 11 68.6 79.0 13:45 61.4 4:30 0.9 4.5 0.92 0.9 13.0 12:45 SSE 12 73.0 83.5 14:15 66.7 0:15 0.0 8.0 0.03 1.1 12.0 11:30 S 13 71.1 84.6 16:45 61.2 6:15 0.5 6.6 0.00 0.6 9.0 14:45 WNW 14 67.2 78.4 17:15 55.3 6:30 2.8 5.0 0.00 0.5 7.0 17:15 ESE 15 71.1 81.9 16:45 65.4 6:30 0.0 6.1 0.38 0.8 10.0 16:15 ESE 16 71.4 84.9 15:45 61.6 6:45 0.6 6.9 0.01 0.5 9.0 12:45 SW 17 72.0 86.5 15:00 56.2 6:45 2.2 9.2 0.00 0.9 9.0 16:15 S 18 76.0 81.1 18:15 72.6 23:45 0.0 11.0 0.39 0.5 9.0 2:45 NW 19 74.4 85.4 15:30 63.8 00:00 0.1 9.5 0.20 1.2 17.0 21:00 WNW 20 70.6 84.2 17:15 60.9 7:15 1.0 6.6 0.01 0.6 10.0 13:45 WNW 21 72.5 87.4 16:45 58.6 6:45 1.4 8.9 0.00 1.0 14.0 14:30 WNW 22 75.7 91.2 15:00 64.9 7:00 0.0 10.7 0.76 1.5 17.0 13:15 S 23 70.0 79.3 16:00 60.2 00:00 0.7 5.7 0.00 1.1 14.0 13:00 WNW 24 64.6 78.2 16:00 53.7 7:00 4.1 3.8 0.00 0.6 9.0 14:00 WNW 25 63.1 77.7 16:15 52.1 4:30 5.3 3.4 0.00 0.6 10.0 14:15 W 26 61.8 78.6 16:00 46.8 7:00 7.1 3.9 0.00 0.6 8.0 13:45 WSW 27 62.6 78.7 15:45 47.4 7:00 6.5 4.0 0.00 0.7 8.0 13:00 SE 28 62.2 74.4 15:00 49.9 7:00 5.3 2.4 0.00 1.0 12.0 16:30 SE 29 58.9 62.6 12:45 54.9 5:15 6.1 0.0 0.00 0.4 6.0 10:15 WNW 30 65.1 79.5 16:15 51.9 6:45 4.1 4.2 0.00 0.7 9.0 15:00 WNW 31 61.9 75.5 15:30 51.8 00:00 5.3 2.2 0.00 0.7 12.0 14:45 WNW ------------------------------------------------------------------------------------- 68.6 91.2 22 46.8 26 72.2 183.5 4.12 0.8 28.0 2 WNW Max >= 90.0: 2 Max <= 32.0: 0 Min <= 32.0: 0 Min <= 0.0: 0 Max Rain: 0.92 ON 08/11/17 Days of Rain: 10 (>.01 in) 8 (>.1 in) 0 (>1 in) Heat Base: 65.0 Cool Base: 65.0 Method: Integration