NOAA Climate Reports - Current Month, Prior Months, Current and Prior Year Summaries

NOAA style reports

NOAA Climate Reports

2018: Jan | Feb | Mar | Apr | May | Jun | Jul | Aug | Sep | Oct | Nov | Dec 
2017: Jan | Feb | Mar | Apr | May | Jun | Jul | Aug | Sep | Oct | Nov | Dec 
2016: Jan | Feb | Mar | Apr | May | Jun | Jul | Aug | Sep | Oct | Nov | Dec 

Report for 2017 06
MONTHLY CLIMATOLOGICAL SUMMARY for JUN. 2017 NAME: White Birch CITY: Archbald STATE: PA ELEV: 968 ft LAT: 41 29' 21" N LONG: 75 33' 49" W TEMPERATURE (F), RAIN (in), WIND SPEED (mph) HEAT COOL AVG MEAN DEG DEG WIND DOM DAY TEMP HIGH TIME LOW TIME DAYS DAYS RAIN SPEED HIGH TIME DIR ------------------------------------------------------------------------------------ 1 62.5 76.8 16:30 48.3 6:00 5.8 3.3 0.01 1.5 16.0 16:45 WNW 2 59.6 73.8 15:45 43.8 6:30 7.9 2.4 0.01 1.4 16.0 14:15 W 3 59.4 75.3 15:30 44.0 3:15 8.3 2.7 0.00 1.0 14.0 16:45 W 4 53.3 60.5 19:30 41.0 5:45 11.7 0.0 0.01 0.4 9.0 16:45 SSE 5 66.5 78.3 13:45 57.7 6:30 2.4 3.9 0.01 1.0 14.0 15:00 WNW 6 58.6 65.4 16:00 52.6 00:00 6.4 0.0 0.44 0.8 10.0 23:00 SE 7 59.3 72.4 17:15 49.0 4:00 7.0 1.3 0.02 0.6 8.0 0:15 SE 8 61.8 77.4 15:30 44.4 6:15 7.0 3.8 0.00 1.1 14.0 14:45 SE 9 64.2 81.5 16:30 44.0 6:00 6.5 5.7 0.00 1.2 14.0 13:45 WNW 10 69.3 84.6 17:30 52.9 5:00 3.5 7.9 0.03 1.4 17.0 14:45 WNW 11 76.3 91.2 16:00 59.3 6:30 0.9 12.2 0.00 1.6 15.0 12:15 NW 12 77.5 93.3 14:15 59.6 6:30 0.8 13.4 0.00 1.2 13.0 12:00 NW 13 79.1 95.5 13:45 62.5 6:00 0.3 14.3 0.00 0.9 10.0 9:30 WNW 14 76.4 90.1 16:45 63.5 00:00 0.0 11.5 0.00 0.6 8.0 12:00 W 15 70.5 81.4 17:30 58.5 2:45 1.3 6.8 0.00 1.8 13.0 16:30 SE 16 66.8 72.3 17:00 61.3 9:00 0.6 2.4 0.03 0.4 9.0 5:30 WNW 17 72.5 81.4 15:00 66.5 4:00 0.0 7.5 0.08 0.8 10.0 13:30 ESE 18 78.6 87.7 14:30 69.9 00:00 0.0 13.6 0.10 1.7 17.0 16:30 SE 19 71.9 85.1 12:30 67.5 5:15 0.0 6.9 0.66 1.0 17.0 13:00 WNW 20 70.9 81.2 17:30 62.5 00:00 0.2 6.0 0.00 2.3 17.0 11:30 WNW 21 68.5 83.7 17:00 55.3 5:45 2.7 6.2 0.00 1.0 11.0 16:15 WNW 22 71.6 88.5 16:00 52.4 6:00 3.4 10.0 0.00 1.5 13.0 15:15 WNW 23 75.4 81.3 18:00 68.6 6:00 0.0 10.4 0.02 1.5 19.0 16:00 NW 24 74.8 86.0 15:30 64.1 00:00 0.0 9.8 0.16 1.9 13.0 12:00 WNW 25 68.6 80.6 15:00 58.9 00:00 1.7 5.2 0.18 1.4 14.0 16:00 WNW 26 65.0 78.2 15:45 50.3 6:30 4.4 4.4 0.14 1.5 18.0 18:00 WNW 27 62.3 72.1 16:00 54.4 6:30 4.5 1.8 0.02 1.3 15.0 14:00 WNW 28 65.3 81.8 16:15 49.1 6:15 4.7 5.0 0.00 1.3 13.0 13:30 WNW 29 71.8 85.6 16:00 57.5 6:30 2.1 8.9 0.00 1.6 16.0 16:15 NW 30 77.7 90.4 14:00 70.6 6:15 0.0 12.7 0.04 1.6 18.0 14:00 WNW ------------------------------------------------------------------------------------- 68.5 95.5 13 41.0 4 94.1 200.0 1.96 1.2 19.0 23 WNW Max >= 90.0: 5 Max <= 32.0: 0 Min <= 32.0: 0 Min <= 0.0: 0 Max Rain: 0.66 ON 06/19/17 Days of Rain: 13 (>.01 in) 5 (>.1 in) 0 (>1 in) Heat Base: 65.0 Cool Base: 65.0 Method: Integration