NOAA Climate Reports - Current Month, Prior Months, Current and Prior Year Summaries

NOAA style reports

NOAA Climate Reports

2018: Jan | Feb | Mar | Apr | May | Jun | Jul | Aug | Sep | Oct | Nov | Dec 
2017: Jan | Feb | Mar | Apr | May | Jun | Jul | Aug | Sep | Oct | Nov | Dec 
2016: Jan | Feb | Mar | Apr | May | Jun | Jul | Aug | Sep | Oct | Nov | Dec 

Report for 2017 05
MONTHLY CLIMATOLOGICAL SUMMARY for MAY. 2017 NAME: White Birch CITY: Archbald STATE: PA ELEV: 968 ft LAT: 41 29' 21" N LONG: 75 33' 49" W TEMPERATURE (F), RAIN (in), WIND SPEED (mph) HEAT COOL AVG MEAN DEG DEG WIND DOM DAY TEMP HIGH TIME LOW TIME DAYS DAYS RAIN SPEED HIGH TIME DIR ------------------------------------------------------------------------------------ 1 64.1 77.3 17:15 54.2 4:00 4.0 3.0 0.56 2.2 21.0 18:15 ESE 2 59.6 65.0 15:15 54.6 00:00 5.4 0.0 0.88 3.8 29.0 16:15 WNW 3 52.8 60.5 16:45 42.5 00:00 12.2 0.0 0.00 2.9 16.0 11:45 WNW 4 49.3 62.6 15:45 33.2 6:30 15.7 0.0 0.00 1.9 16.0 15:45 SE 5 51.2 56.2 20:45 46.8 6:00 13.8 0.0 0.48 0.9 12.0 12:00 WNW 6 56.7 64.2 10:00 46.1 00:00 8.3 0.0 0.20 2.8 19.0 6:45 SE 7 44.9 47.3 10:45 41.4 23:45 20.1 0.0 0.06 1.5 15.0 12:15 W 8 46.0 58.5 16:00 36.6 6:30 19.0 0.0 0.06 1.8 16.0 13:45 WNW 9 48.4 62.3 16:45 36.3 7:15 16.6 0.0 0.05 0.8 10.0 10:30 W 10 52.8 63.7 17:15 43.8 6:30 12.2 0.0 0.02 0.8 10.0 10:15 W 11 52.9 64.7 17:45 40.0 6:15 12.1 0.0 0.01 0.5 9.0 12:00 SE 12 56.7 67.9 12:45 44.0 7:00 8.6 0.3 0.00 1.3 11.0 12:45 SE 13 49.6 53.8 0:15 47.0 6:30 15.4 0.0 0.77 0.0 6.0 0:30 NW 14 52.0 66.0 15:30 46.1 6:15 13.0 0.0 0.07 1.1 16.0 15:00 W 15 55.6 67.6 16:45 47.4 0:15 9.5 0.2 0.01 2.3 17.0 15:15 W 16 59.6 74.7 14:00 41.9 6:15 8.1 2.8 0.01 0.8 11.0 14:15 WNW 17 71.3 91.5 15:45 48.5 6:00 5.0 11.3 0.00 1.5 17.0 17:15 S 18 78.1 91.2 14:00 61.4 6:30 0.4 13.5 0.01 2.2 19.0 14:15 NW 19 75.3 90.3 15:45 56.3 00:00 0.7 11.0 0.00 1.7 13.0 11:15 WNW 20 60.9 74.8 16:15 53.2 00:00 5.8 1.8 0.00 0.5 9.0 13:15 SE 21 60.0 71.2 15:15 47.3 3:00 6.2 1.3 0.00 2.5 17.0 11:30 SE 22 59.9 64.7 17:00 55.9 6:00 5.1 0.0 0.00 1.3 11.0 1:00 SE 23 59.9 71.7 16:30 46.8 6:45 6.2 1.2 0.00 0.4 8.0 16:30 NW 24 62.4 74.9 14:45 50.5 4:30 5.3 2.7 0.00 1.7 13.0 13:30 SE 25 58.4 63.9 19:15 54.5 6:45 6.6 0.0 0.21 1.2 19.0 13:15 WNW 26 61.9 71.8 17:15 56.2 5:45 4.2 1.0 0.02 1.5 15.0 14:30 W 27 63.6 71.2 19:00 58.7 6:00 2.8 1.3 0.01 0.6 7.0 11:30 WNW 28 66.6 76.9 13:45 57.8 6:30 2.1 3.7 0.00 1.5 16.0 19:30 WNW 29 58.2 61.5 0:15 54.4 7:00 6.8 0.0 0.01 1.2 10.0 3:15 SE 30 59.5 62.8 16:30 56.6 6:00 5.5 0.0 0.01 1.2 11.0 15:45 SE 31 65.5 79.0 16:15 54.6 00:00 3.2 3.8 0.01 1.0 16.0 15:30 SE ------------------------------------------------------------------------------------- 58.5 91.5 17 33.2 4 259.9 58.9 3.46 1.5 29.0 2 WNW Max >= 90.0: 3 Max <= 32.0: 0 Min <= 32.0: 0 Min <= 0.0: 0 Max Rain: 0.88 ON 05/02/17 Days of Rain: 12 (>.01 in) 6 (>.1 in) 0 (>1 in) Heat Base: 65.0 Cool Base: 65.0 Method: Integration