NOAA Climate Reports - Current Month, Prior Months, Current and Prior Year Summaries

NOAA style reports

NOAA Climate Reports

2018: Jan | Feb | Mar | Apr | May | Jun | Jul | Aug | Sep | Oct | Nov | Dec 
2017: Jan | Feb | Mar | Apr | May | Jun | Jul | Aug | Sep | Oct | Nov | Dec 
2016: Jan | Feb | Mar | Apr | May | Jun | Jul | Aug | Sep | Oct | Nov | Dec 

Report for 2017 04
MONTHLY CLIMATOLOGICAL SUMMARY for APR. 2017 NAME: White Birch CITY: Archbald STATE: PA ELEV: 968 ft LAT: 41 29' 21" N LONG: 75 33' 49" W TEMPERATURE (F), RAIN (in), WIND SPEED (mph) HEAT COOL AVG MEAN DEG DEG WIND DOM DAY TEMP HIGH TIME LOW TIME DAYS DAYS RAIN SPEED HIGH TIME DIR ------------------------------------------------------------------------------------ 1 39.1 44.8 14:00 34.5 8:15 25.9 0.0 0.02 1.0 12.0 0:45 W 2 46.6 61.7 15:30 34.7 6:30 18.4 0.0 0.00 1.3 15.0 14:00 WNW 3 51.2 68.5 16:00 33.3 5:45 14.1 0.3 0.03 2.2 17.0 16:00 SE 4 55.1 64.9 19:00 47.9 2:30 9.9 0.0 0.20 1.5 18.0 21:00 WNW 5 54.7 63.2 17:15 47.7 9:00 10.3 0.0 0.00 2.3 15.0 0:15 W 6 43.8 52.2 0:15 40.0 14:30 21.2 0.0 1.13 2.2 23.0 2:45 WNW 7 39.1 46.2 0:15 34.1 21:45 25.9 0.0 0.10 4.0 18.0 14:30 WNW 8 42.4 54.2 15:00 32.8 7:15 22.6 0.0 0.00 2.8 23.0 16:00 WNW 9 49.9 69.6 16:00 28.7 7:00 15.7 0.6 0.00 1.0 13.0 13:45 W 10 61.6 81.7 15:15 39.4 6:45 8.5 5.1 0.00 1.5 18.0 17:45 WNW 11 66.5 84.8 15:00 47.1 7:00 4.7 6.1 0.00 1.3 15.0 14:45 WNW 12 60.3 72.2 17:00 44.9 00:00 5.7 1.0 0.03 0.9 12.0 15:00 W 13 48.0 61.2 15:30 39.5 00:00 17.0 0.0 0.00 1.0 14.0 14:30 W 14 36.3 46.5 23:45 32.4 3:30 11.7 0.0 0.00 0.0 5.0 6:45 W 15 56.9 72.3 14:45 38.6 6:00 9.5 1.4 0.00 2.0 20.0 11:15 S 16 65.1 82.3 15:45 53.7 6:15 4.1 4.2 0.28 2.8 24.0 17:45 WNW 17 60.3 71.5 15:00 48.2 00:00 5.4 0.7 0.00 1.8 16.0 15:30 WNW 18 53.3 68.9 17:00 37.8 7:00 12.0 0.3 0.00 1.0 12.0 22:30 WNW 19 49.6 55.3 13:00 43.9 7:00 15.4 0.0 0.13 2.8 21.0 12:00 ESE 20 57.8 70.0 16:30 50.4 4:45 7.6 0.4 0.18 0.8 14.0 23:15 ESE 21 57.3 65.2 18:15 51.7 6:15 7.7 0.0 0.78 1.6 12.0 1:00 ESE 22 50.0 54.7 15:30 40.4 00:00 15.0 0.0 0.01 0.6 9.0 15:15 W 23 53.3 72.6 18:00 32.0 6:45 13.3 1.6 0.00 0.6 8.0 14:00 WNW 24 56.2 71.9 13:30 38.7 6:45 9.8 0.9 0.00 1.1 13.0 16:30 SE 25 53.2 56.7 0:15 48.3 7:30 11.8 0.0 0.00 1.2 12.0 5:30 WNW 26 60.5 74.8 17:30 51.9 1:15 6.0 1.5 0.00 0.8 10.0 8:15 SE 27 66.4 80.6 15:15 54.9 5:00 3.2 4.6 0.00 2.3 19.0 16:00 SE 28 71.0 82.6 15:00 60.7 6:00 0.7 6.7 0.00 1.6 14.0 14:45 WNW 29 64.7 75.6 12:45 56.8 6:45 2.9 2.6 0.01 1.3 17.0 16:30 W 30 57.3 65.0 17:15 47.3 6:15 7.7 0.0 0.00 1.3 15.0 17:30 SE ------------------------------------------------------------------------------------- 54.3 84.8 11 28.7 9 343.7 38.0 2.90 1.6 24.0 16 WNW Max >= 90.0: 0 Max <= 32.0: 0 Min <= 32.0: 2 Min <= 0.0: 0 Max Rain: 1.13 ON 04/06/17 Days of Rain: 10 (>.01 in) 6 (>.1 in) 1 (>1 in) Heat Base: 65.0 Cool Base: 65.0 Method: Integration