NOAA Climate Reports - Current Month, Prior Months, Current and Prior Year Summaries. Station 1st Report 17 Ocr 2014
NOAA style reports
NOAA Climate Reports
Notice: Undefined index: NOAA2024.TXT in /membri/k3csg/NOAA-reports.php on line 185
2024: Jan | Feb |
Notice: Undefined index: NOAA2024-03.TXT in /membri/k3csg/NOAA-reports.php on line 196
Mar |
Notice: Undefined index: NOAA2024-04.TXT in /membri/k3csg/NOAA-reports.php on line 196
Apr |
Notice: Undefined index: NOAA2024-05.TXT in /membri/k3csg/NOAA-reports.php on line 196
May |
Notice: Undefined index: NOAA2024-06.TXT in /membri/k3csg/NOAA-reports.php on line 196
Jun |
Notice: Undefined index: NOAA2024-07.TXT in /membri/k3csg/NOAA-reports.php on line 196
Jul |
Notice: Undefined index: NOAA2024-08.TXT in /membri/k3csg/NOAA-reports.php on line 196
Aug |
Notice: Undefined index: NOAA2024-09.TXT in /membri/k3csg/NOAA-reports.php on line 196
Sep |
Notice: Undefined index: NOAA2024-10.TXT in /membri/k3csg/NOAA-reports.php on line 196
Oct |
Notice: Undefined index: NOAA2024-11.TXT in /membri/k3csg/NOAA-reports.php on line 196
Nov |
Notice: Undefined index: NOAA2024-12.TXT in /membri/k3csg/NOAA-reports.php on line 196
Dec
2023: Jan | Feb | Mar | Apr | May | Jun | Jul | Aug | Sep | Oct | Nov | Dec
2022: Jan | Feb | Mar | Apr | May | Jun | Jul | Aug | Sep | Oct | Nov | Dec
2021: Jan | Feb | Mar | Apr | May | Jun | Jul | Aug | Sep | Oct | Nov | Dec
2020: Jan | Feb | Mar | Apr | May | Jun | Jul | Aug | Sep | Oct | Nov | Dec
2019: Jan | Feb | Mar | Apr | May | Jun | Jul | Aug | Sep | Oct | Nov | Dec
2018: Jan | Feb | Mar | Apr | May | Jun | Jul | Aug | Sep | Oct | Nov | Dec
2017: Jan | Feb | Mar | Apr | May | Jun | Jul | Aug | Sep | Oct | Nov | Dec
2016: Jan | Feb | Mar | Apr | May | Jun | Jul | Aug | Sep | Oct | Nov | Dec
2015: Jan | Feb | Mar | Apr | May | Jun | Jul | Aug | Sep | Oct | Nov | Dec
2014:
Notice: Undefined index: NOAA2014-01.TXT in /membri/k3csg/NOAA-reports.php on line 196
Jan |
Notice: Undefined index: NOAA2014-02.TXT in /membri/k3csg/NOAA-reports.php on line 196
Feb |
Notice: Undefined index: NOAA2014-03.TXT in /membri/k3csg/NOAA-reports.php on line 196
Mar |
Notice: Undefined index: NOAA2014-04.TXT in /membri/k3csg/NOAA-reports.php on line 196
Apr |
Notice: Undefined index: NOAA2014-05.TXT in /membri/k3csg/NOAA-reports.php on line 196
May |
Notice: Undefined index: NOAA2014-06.TXT in /membri/k3csg/NOAA-reports.php on line 196
Jun |
Notice: Undefined index: NOAA2014-07.TXT in /membri/k3csg/NOAA-reports.php on line 196
Jul |
Notice: Undefined index: NOAA2014-08.TXT in /membri/k3csg/NOAA-reports.php on line 196
Aug |
Notice: Undefined index: NOAA2014-09.TXT in /membri/k3csg/NOAA-reports.php on line 196
Sep | Oct | Nov | Dec
Report for 2017 02
MONTHLY CLIMATOLOGICAL SUMMARY for FEB. 2017
NAME: White Birch CITY: Archbald STATE: PA
ELEV: 955 ft LAT: 41° 29' 21" N LONG: 75° 33' 49" W
TEMPERATURE (°F), RAIN (in), WIND SPEED (mph)
HEAT COOL AVG
MEAN DEG DEG WIND DOM
DAY TEMP HIGH TIME LOW TIME DAYS DAYS RAIN SPEED HIGH TIME DIR
------------------------------------------------------------------------------------
1 33.2 39.9 14:30 22.8 00:00 31.8 0.0 0.05 1.8 17.0 6:30 WNW
2 27.2 34.2 16:00 19.7 2:45 37.8 0.0 0.00 1.3 14.0 16:00 WNW
3 22.8 29.1 13:15 18.1 00:00 42.2 0.0 0.00 2.1 20.0 23:30 W
4 23.3 31.8 14:00 15.2 7:30 41.7 0.0 0.00 2.2 17.0 4:30 WNW
5 30.7 37.5 22:30 22.3 4:30 34.3 0.0 0.00 1.5 18.0 22:15 WNW
6 35.8 45.0 16:00 29.3 7:45 29.2 0.0 0.00 1.8 17.0 2:45 WNW
7 36.9 43.7 23:45 30.1 2:45 28.1 0.0 0.19 0.6 12.0 20:15 ESE
8 43.1 51.2 11:00 34.0 00:00 21.9 0.0 0.05 0.8 14.0 11:15 WNW
9 22.5 34.0 0:15 13.6 22:15 42.5 0.0 0.40 1.8 19.0 14:00 W
10 22.4 30.7 14:30 14.5 0:15 42.6 0.0 0.01 3.7 19.0 10:30 WNW
11 34.1 44.3 15:00 25.6 0:15 30.9 0.0 0.00 0.4 10.0 12:00 W
12 33.8 36.2 4:30 31.9 12:30 31.2 0.0 0.37 1.0 15.0 13:15 WNW
13 29.8 34.7 0:15 26.5 23:00 35.2 0.0 0.05 4.2 26.0 4:30 W
14 32.4 42.9 15:45 22.3 7:45 32.6 0.0 0.00 0.9 14.0 14:15 WNW
15 34.3 45.2 11:45 28.3 23:45 30.7 0.0 0.10 1.6 17.0 13:15 WNW
16 26.2 29.3 16:15 23.5 7:15 38.8 0.0 0.00 2.9 15.0 2:30 WNW
17 29.0 39.3 16:00 22.4 2:30 36.0 0.0 0.00 1.1 12.0 9:15 W
18 42.1 60.4 15:15 23.3 6:45 22.9 0.0 0.00 1.3 14.0 14:15 WNW
19 48.7 62.9 14:45 35.7 7:00 16.3 0.0 0.00 1.1 16.0 15:00 WNW
20 40.0 51.5 14:45 28.2 00:00 25.0 0.0 0.00 1.1 14.0 12:15 W
21 38.2 47.2 16:15 26.0 3:00 26.8 0.0 0.00 1.8 13.0 15:15 ESE
22 46.2 57.9 15:15 39.3 7:30 18.8 0.0 0.02 0.4 12.0 13:30 W
23 52.9 69.7 16:15 35.4 7:00 12.7 0.6 0.18 1.2 16.0 15:30 WNW
24 61.1 74.5 15:00 49.0 6:30 6.1 2.3 0.00 2.1 17.0 14:00 ESE
25 55.5 66.5 14:00 35.3 23:30 9.5 0.0 1.86 4.0 28.0 9:30 WNW
26 32.4 38.6 15:45 28.5 21:15 32.6 0.0 0.00 3.5 21.0 3:15 W
27 38.1 49.8 15:30 25.8 5:30 26.9 0.0 0.00 1.5 17.0 11:30 WNW
28 51.3 65.3 13:45 37.8 5:15 13.7 0.0 0.00 1.5 15.0 15:15 S
-------------------------------------------------------------------------------------
36.6 74.5 24 13.6 9 798.8 2.9 3.28 1.8 28.0 25 WNW
Max >= 90.0: 0
Max <= 32.0: 4
Min <= 32.0: 21
Min <= 0.0: 0
Max Rain: 1.86 ON 02/25/17
Days of Rain: 10 (>.01 in) 5 (>.1 in) 1 (>1 in)
Heat Base: 65.0 Cool Base: 65.0 Method: Integration