NOAA Climate Reports - Current Month, Prior Months, Current and Prior Year Summaries. Station 1st Report 17 Ocr 2014
NOAA style reports
NOAA Climate Reports
Notice: Undefined index: NOAA2024.TXT in /membri/k3csg/NOAA-reports.php on line 185
2024: Jan | Feb |
Notice: Undefined index: NOAA2024-03.TXT in /membri/k3csg/NOAA-reports.php on line 196
Mar |
Notice: Undefined index: NOAA2024-04.TXT in /membri/k3csg/NOAA-reports.php on line 196
Apr |
Notice: Undefined index: NOAA2024-05.TXT in /membri/k3csg/NOAA-reports.php on line 196
May |
Notice: Undefined index: NOAA2024-06.TXT in /membri/k3csg/NOAA-reports.php on line 196
Jun |
Notice: Undefined index: NOAA2024-07.TXT in /membri/k3csg/NOAA-reports.php on line 196
Jul |
Notice: Undefined index: NOAA2024-08.TXT in /membri/k3csg/NOAA-reports.php on line 196
Aug |
Notice: Undefined index: NOAA2024-09.TXT in /membri/k3csg/NOAA-reports.php on line 196
Sep |
Notice: Undefined index: NOAA2024-10.TXT in /membri/k3csg/NOAA-reports.php on line 196
Oct |
Notice: Undefined index: NOAA2024-11.TXT in /membri/k3csg/NOAA-reports.php on line 196
Nov |
Notice: Undefined index: NOAA2024-12.TXT in /membri/k3csg/NOAA-reports.php on line 196
Dec
2023: Jan | Feb | Mar | Apr | May | Jun | Jul | Aug | Sep | Oct | Nov | Dec
2022: Jan | Feb | Mar | Apr | May | Jun | Jul | Aug | Sep | Oct | Nov | Dec
2021: Jan | Feb | Mar | Apr | May | Jun | Jul | Aug | Sep | Oct | Nov | Dec
2020: Jan | Feb | Mar | Apr | May | Jun | Jul | Aug | Sep | Oct | Nov | Dec
2019: Jan | Feb | Mar | Apr | May | Jun | Jul | Aug | Sep | Oct | Nov | Dec
2018: Jan | Feb | Mar | Apr | May | Jun | Jul | Aug | Sep | Oct | Nov | Dec
2017: Jan | Feb | Mar | Apr | May | Jun | Jul | Aug | Sep | Oct | Nov | Dec
2016: Jan | Feb | Mar | Apr | May | Jun | Jul | Aug | Sep | Oct | Nov | Dec
2015: Jan | Feb | Mar | Apr | May | Jun | Jul | Aug | Sep | Oct | Nov | Dec
2014:
Notice: Undefined index: NOAA2014-01.TXT in /membri/k3csg/NOAA-reports.php on line 196
Jan |
Notice: Undefined index: NOAA2014-02.TXT in /membri/k3csg/NOAA-reports.php on line 196
Feb |
Notice: Undefined index: NOAA2014-03.TXT in /membri/k3csg/NOAA-reports.php on line 196
Mar |
Notice: Undefined index: NOAA2014-04.TXT in /membri/k3csg/NOAA-reports.php on line 196
Apr |
Notice: Undefined index: NOAA2014-05.TXT in /membri/k3csg/NOAA-reports.php on line 196
May |
Notice: Undefined index: NOAA2014-06.TXT in /membri/k3csg/NOAA-reports.php on line 196
Jun |
Notice: Undefined index: NOAA2014-07.TXT in /membri/k3csg/NOAA-reports.php on line 196
Jul |
Notice: Undefined index: NOAA2014-08.TXT in /membri/k3csg/NOAA-reports.php on line 196
Aug |
Notice: Undefined index: NOAA2014-09.TXT in /membri/k3csg/NOAA-reports.php on line 196
Sep | Oct | Nov | Dec
Report for 2016 04
MONTHLY CLIMATOLOGICAL SUMMARY for APR. 2016
NAME: White Birch CITY: Archbald STATE: PA
ELEV: 955 ft LAT: 41° 29' 21" N LONG: 75° 33' 49" W
TEMPERATURE (°F), RAIN (in), WIND SPEED (mph)
HEAT COOL AVG
MEAN DEG DEG WIND DOM
DAY TEMP HIGH TIME LOW TIME DAYS DAYS RAIN SPEED HIGH TIME DIR
------------------------------------------------------------------------------------
1 64.4 72.2 15:15 49.8 00:00 2.2 1.6 0.00 3.4 22.0 17:30 WNW
2 48.1 57.6 15:45 35.9 00:00 16.9 0.0 0.12 2.0 17.0 12:45 WNW
3 31.5 36.4 16:30 24.4 8:00 33.5 0.0 0.16 3.8 23.0 13:45 W
4 34.0 41.4 12:30 27.3 00:00 31.0 0.0 0.05 1.4 11.0 5:45 ESE
5 29.8 40.9 15:30 19.6 7:15 35.2 0.0 0.00 1.6 17.0 13:00 W
6 35.1 47.9 17:15 18.4 7:15 29.9 0.0 0.00 3.2 27.0 17:45 SE
7 48.0 52.5 10:15 42.2 00:00 17.0 0.0 1.31 2.9 21.0 0:45 WNW
8 37.7 42.3 0:15 30.7 00:00 27.3 0.0 0.03 3.2 21.0 10:45 W
9 32.0 38.7 17:15 26.9 4:45 33.0 0.0 0.02 1.1 16.0 20:00 W
10 34.5 45.6 14:45 22.1 6:45 30.5 0.0 0.00 1.7 15.0 18:15 WNW
11 46.7 57.7 00:00 40.7 7:15 18.3 0.0 0.00 1.8 14.0 16:00 S
12 47.3 58.1 0:15 36.4 00:00 17.7 0.0 0.17 1.9 16.0 17:15 W
13 44.6 59.8 15:45 31.0 7:15 20.4 0.0 0.00 1.1 12.0 12:00 W
14 49.9 65.8 16:15 32.8 7:30 15.1 0.0 0.00 1.0 10.0 11:00 W
15 55.2 70.6 16:00 42.1 7:30 10.6 0.8 0.00 1.2 11.0 6:00 SE
16 57.5 76.6 16:15 38.9 5:15 9.8 2.2 0.00 1.2 12.0 14:30 SE
17 61.2 82.7 15:00 36.5 7:15 9.0 5.3 0.00 1.0 13.0 13:00 W
18 62.8 82.6 16:15 40.0 7:00 7.5 5.3 0.00 1.1 12.0 15:15 NW
19 56.0 68.0 16:45 43.8 00:00 9.2 0.2 0.00 1.8 19.0 17:30 W
20 53.0 73.5 15:45 32.2 7:15 13.6 1.7 0.00 1.0 11.0 14:15 W
21 58.2 77.6 16:45 34.7 6:45 10.2 3.4 0.00 1.8 17.0 12:15 WNW
22 65.9 75.9 14:30 55.9 7:00 2.4 3.3 0.04 1.1 12.0 17:45 WNW
23 55.0 62.7 0:15 41.7 00:00 10.0 0.0 0.03 1.5 13.0 17:30 W
24 50.4 68.4 16:30 31.0 6:45 15.0 0.3 0.00 1.2 16.0 15:00 W
25 58.8 73.1 17:00 46.1 1:30 7.6 1.5 0.00 0.6 10.0 15:30 SE
26 55.0 66.4 12:15 44.5 00:00 10.1 0.0 0.87 1.1 16.0 18:00 W
27 51.7 65.7 16:45 39.4 7:15 13.3 0.0 0.01 1.2 10.0 15:30 W
28 48.3 59.0 15:15 36.7 6:15 16.7 0.0 0.02 0.6 9.0 10:45 W
29 47.6 53.0 14:45 43.1 00:00 17.4 0.0 0.18 1.1 16.0 12:00 SE
30 49.9 56.8 18:00 42.8 6:15 15.1 0.0 0.00 0.6 8.0 20:30 WNW
-------------------------------------------------------------------------------------
49.0 82.7 17 18.4 6 505.5 25.6 3.01 1.6 27.0 6 W
Max >= 90.0: 0
Max <= 32.0: 0
Min <= 32.0: 9
Min <= 0.0: 0
Max Rain: 1.31 ON 04/07/16
Days of Rain: 12 (>.01 in) 6 (>.1 in) 1 (>1 in)
Heat Base: 65.0 Cool Base: 65.0 Method: Integration