NOAA Climate Reports - Current Month, Prior Months, Current and Prior Year Summaries. Station 1st Report 17 Ocr 2014
NOAA style reports
NOAA Climate Reports
Notice: Undefined index: NOAA2024.TXT in /membri/k3csg/NOAA-reports.php on line 185
2024: Jan | Feb | Mar |
Notice: Undefined index: NOAA2024-04.TXT in /membri/k3csg/NOAA-reports.php on line 196
Apr |
Notice: Undefined index: NOAA2024-05.TXT in /membri/k3csg/NOAA-reports.php on line 196
May |
Notice: Undefined index: NOAA2024-06.TXT in /membri/k3csg/NOAA-reports.php on line 196
Jun |
Notice: Undefined index: NOAA2024-07.TXT in /membri/k3csg/NOAA-reports.php on line 196
Jul |
Notice: Undefined index: NOAA2024-08.TXT in /membri/k3csg/NOAA-reports.php on line 196
Aug |
Notice: Undefined index: NOAA2024-09.TXT in /membri/k3csg/NOAA-reports.php on line 196
Sep |
Notice: Undefined index: NOAA2024-10.TXT in /membri/k3csg/NOAA-reports.php on line 196
Oct |
Notice: Undefined index: NOAA2024-11.TXT in /membri/k3csg/NOAA-reports.php on line 196
Nov |
Notice: Undefined index: NOAA2024-12.TXT in /membri/k3csg/NOAA-reports.php on line 196
Dec
2023: Jan | Feb | Mar | Apr | May | Jun | Jul | Aug | Sep | Oct | Nov | Dec
2022: Jan | Feb | Mar | Apr | May | Jun | Jul | Aug | Sep | Oct | Nov | Dec
2021: Jan | Feb | Mar | Apr | May | Jun | Jul | Aug | Sep | Oct | Nov | Dec
2020: Jan | Feb | Mar | Apr | May | Jun | Jul | Aug | Sep | Oct | Nov | Dec
2019: Jan | Feb | Mar | Apr | May | Jun | Jul | Aug | Sep | Oct | Nov | Dec
2018: Jan | Feb | Mar | Apr | May | Jun | Jul | Aug | Sep | Oct | Nov | Dec
2017: Jan | Feb | Mar | Apr | May | Jun | Jul | Aug | Sep | Oct | Nov | Dec
2016: Jan | Feb | Mar | Apr | May | Jun | Jul | Aug | Sep | Oct | Nov | Dec
2015: Jan | Feb | Mar | Apr | May | Jun | Jul | Aug | Sep | Oct | Nov | Dec
2014:
Notice: Undefined index: NOAA2014-01.TXT in /membri/k3csg/NOAA-reports.php on line 196
Jan |
Notice: Undefined index: NOAA2014-02.TXT in /membri/k3csg/NOAA-reports.php on line 196
Feb |
Notice: Undefined index: NOAA2014-03.TXT in /membri/k3csg/NOAA-reports.php on line 196
Mar |
Notice: Undefined index: NOAA2014-04.TXT in /membri/k3csg/NOAA-reports.php on line 196
Apr |
Notice: Undefined index: NOAA2014-05.TXT in /membri/k3csg/NOAA-reports.php on line 196
May |
Notice: Undefined index: NOAA2014-06.TXT in /membri/k3csg/NOAA-reports.php on line 196
Jun |
Notice: Undefined index: NOAA2014-07.TXT in /membri/k3csg/NOAA-reports.php on line 196
Jul |
Notice: Undefined index: NOAA2014-08.TXT in /membri/k3csg/NOAA-reports.php on line 196
Aug |
Notice: Undefined index: NOAA2014-09.TXT in /membri/k3csg/NOAA-reports.php on line 196
Sep | Oct | Nov | Dec
Report for 2015 11
MONTHLY CLIMATOLOGICAL SUMMARY for NOV. 2015
NAME: White Birch CITY: Archbald STATE: PA
ELEV: 955 ft LAT: 41° 29' 21" N LONG: 75° 33' 49" W
TEMPERATURE (°F), RAIN (in), WIND SPEED (mph)
HEAT COOL AVG
MEAN DEG DEG WIND DOM
DAY TEMP HIGH TIME LOW TIME DAYS DAYS RAIN SPEED HIGH TIME DIR
------------------------------------------------------------------------------------
1 52.0 62.9 15:45 45.5 3:30 13.0 0.0 0.01 1.3 16.0 14:30 NW
2 48.6 63.9 13:45 37.0 7:30 16.4 0.0 0.00 0.4 8.0 12:45 NW
3 52.4 74.4 15:30 35.6 6:30 14.0 1.4 0.00 0.6 8.0 14:45 NW
4 58.4 77.6 13:30 40.3 7:15 9.7 3.1 0.00 0.9 11.0 13:45 ESE
5 59.2 72.4 14:30 46.6 4:30 7.2 1.5 0.00 0.7 9.0 14:30 ESE
6 63.0 73.5 13:30 51.9 2:00 4.0 2.1 0.00 2.2 18.0 11:45 WNW
7 53.3 60.6 0:45 43.7 00:00 11.7 0.0 0.00 2.2 13.0 11:45 WNW
8 42.7 53.7 15:00 31.4 00:00 22.3 0.0 0.00 0.9 11.0 13:30 W
9 43.3 59.6 15:00 27.6 7:00 21.7 0.0 0.00 0.6 8.0 11:45 W
10 51.6 55.4 11:30 46.9 1:45 13.4 0.0 0.97 0.8 13.0 14:15 W
11 53.0 59.0 14:15 46.1 00:00 12.0 0.0 0.13 0.5 8.0 11:15 W
12 50.3 55.2 15:00 43.9 1:15 14.7 0.0 0.34 2.0 22.0 11:00 NW
13 47.2 50.1 11:00 41.0 00:00 17.8 0.0 0.00 5.4 24.0 20:45 WNW
14 40.6 44.9 13:00 38.9 8:45 24.4 0.0 0.00 3.9 20.0 2:15 WNW
15 43.5 57.5 15:15 30.4 7:30 21.5 0.0 0.00 1.2 12.0 11:45 WNW
16 47.8 64.2 14:30 34.7 7:00 17.2 0.0 0.00 0.8 11.0 11:30 WNW
17 42.3 53.3 15:00 33.2 7:00 22.7 0.0 0.00 1.4 11.0 14:15 ESE
18 47.2 55.3 00:00 35.0 0:30 17.8 0.0 0.00 1.6 21.0 23:45 WNW
19 59.1 62.3 15:45 54.9 00:00 5.9 0.0 0.09 3.0 19.0 10:30 SE
20 44.9 54.9 0:15 30.7 00:00 20.1 0.0 0.00 2.1 17.0 11:45 WNW
21 39.8 50.2 13:15 29.3 1:00 25.2 0.0 0.00 2.3 18.0 16:00 WNW
22 42.7 49.0 3:30 32.3 00:00 22.3 0.0 0.00 2.6 19.0 6:15 W
23 29.7 36.2 13:30 20.8 00:00 35.3 0.0 0.00 1.3 17.0 14:15 W
24 30.7 41.0 14:15 18.5 4:30 34.3 0.0 0.00 0.5 11.0 13:00 W
25 38.3 51.0 14:00 24.6 7:15 26.7 0.0 0.00 1.2 11.0 11:30 WNW
26 46.6 59.0 14:15 35.2 6:15 18.4 0.0 0.00 1.7 16.0 12:00 WNW
27 52.1 62.7 13:45 42.0 5:00 12.9 0.0 0.00 1.3 19.0 13:15 NW
28 45.5 52.9 0:15 36.4 23:45 19.5 0.0 0.00 0.6 7.0 8:30 W
29 34.6 45.2 14:45 25.9 00:00 30.4 0.0 0.00 0.9 10.0 10:45 W
30 35.2 45.6 13:30 21.9 3:45 29.8 0.0 0.00 1.5 10.0 8:00 SE
-------------------------------------------------------------------------------------
46.5 77.6 4 18.5 24 562.3 8.1 1.54 1.5 24.0 13 WNW
Max >= 90.0: 0
Max <= 32.0: 0
Min <= 32.0: 10
Min <= 0.0: 0
Max Rain: 0.97 ON 11/10/15
Days of Rain: 4 (>.01 in) 3 (>.1 in) 0 (>1 in)
Heat Base: 65.0 Cool Base: 65.0 Method: Integration