NOAA Climate Reports - Current Month, Prior Months, Current and Prior Year Summaries. Station 1st Report 17 Ocr 2014
NOAA style reports
NOAA Climate Reports
Notice: Undefined index: NOAA2024.TXT in /membri/k3csg/NOAA-reports.php on line 185
2024: Jan | Feb |
Notice: Undefined index: NOAA2024-03.TXT in /membri/k3csg/NOAA-reports.php on line 196
Mar |
Notice: Undefined index: NOAA2024-04.TXT in /membri/k3csg/NOAA-reports.php on line 196
Apr |
Notice: Undefined index: NOAA2024-05.TXT in /membri/k3csg/NOAA-reports.php on line 196
May |
Notice: Undefined index: NOAA2024-06.TXT in /membri/k3csg/NOAA-reports.php on line 196
Jun |
Notice: Undefined index: NOAA2024-07.TXT in /membri/k3csg/NOAA-reports.php on line 196
Jul |
Notice: Undefined index: NOAA2024-08.TXT in /membri/k3csg/NOAA-reports.php on line 196
Aug |
Notice: Undefined index: NOAA2024-09.TXT in /membri/k3csg/NOAA-reports.php on line 196
Sep |
Notice: Undefined index: NOAA2024-10.TXT in /membri/k3csg/NOAA-reports.php on line 196
Oct |
Notice: Undefined index: NOAA2024-11.TXT in /membri/k3csg/NOAA-reports.php on line 196
Nov |
Notice: Undefined index: NOAA2024-12.TXT in /membri/k3csg/NOAA-reports.php on line 196
Dec
2023: Jan | Feb | Mar | Apr | May | Jun | Jul | Aug | Sep | Oct | Nov | Dec
2022: Jan | Feb | Mar | Apr | May | Jun | Jul | Aug | Sep | Oct | Nov | Dec
2021: Jan | Feb | Mar | Apr | May | Jun | Jul | Aug | Sep | Oct | Nov | Dec
2020: Jan | Feb | Mar | Apr | May | Jun | Jul | Aug | Sep | Oct | Nov | Dec
2019: Jan | Feb | Mar | Apr | May | Jun | Jul | Aug | Sep | Oct | Nov | Dec
2018: Jan | Feb | Mar | Apr | May | Jun | Jul | Aug | Sep | Oct | Nov | Dec
2017: Jan | Feb | Mar | Apr | May | Jun | Jul | Aug | Sep | Oct | Nov | Dec
2016: Jan | Feb | Mar | Apr | May | Jun | Jul | Aug | Sep | Oct | Nov | Dec
2015: Jan | Feb | Mar | Apr | May | Jun | Jul | Aug | Sep | Oct | Nov | Dec
2014:
Notice: Undefined index: NOAA2014-01.TXT in /membri/k3csg/NOAA-reports.php on line 196
Jan |
Notice: Undefined index: NOAA2014-02.TXT in /membri/k3csg/NOAA-reports.php on line 196
Feb |
Notice: Undefined index: NOAA2014-03.TXT in /membri/k3csg/NOAA-reports.php on line 196
Mar |
Notice: Undefined index: NOAA2014-04.TXT in /membri/k3csg/NOAA-reports.php on line 196
Apr |
Notice: Undefined index: NOAA2014-05.TXT in /membri/k3csg/NOAA-reports.php on line 196
May |
Notice: Undefined index: NOAA2014-06.TXT in /membri/k3csg/NOAA-reports.php on line 196
Jun |
Notice: Undefined index: NOAA2014-07.TXT in /membri/k3csg/NOAA-reports.php on line 196
Jul |
Notice: Undefined index: NOAA2014-08.TXT in /membri/k3csg/NOAA-reports.php on line 196
Aug |
Notice: Undefined index: NOAA2014-09.TXT in /membri/k3csg/NOAA-reports.php on line 196
Sep | Oct | Nov | Dec
Report for 2015 07
MONTHLY CLIMATOLOGICAL SUMMARY for JUL. 2015
NAME: White Birch CITY: Archbald STATE: PA
ELEV: 955 ft LAT: 41° 29' 21" N LONG: 75° 33' 49" W
TEMPERATURE (°F), RAIN (in), WIND SPEED (mph)
HEAT COOL AVG
MEAN DEG DEG WIND DOM
DAY TEMP HIGH TIME LOW TIME DAYS DAYS RAIN SPEED HIGH TIME DIR
------------------------------------------------------------------------------------
1 67.9 77.3 15:45 61.4 00:00 0.7 3.7 0.34 1.9 17.0 14:30 WNW
2 67.4 80.5 13:30 55.3 5:15 2.9 5.3 0.01 0.7 8.0 11:30 WNW
3 68.3 83.5 17:15 51.7 6:45 3.5 6.9 0.00 0.9 9.0 12:00 SSE
4 64.1 68.2 0:15 61.6 8:30 1.1 0.2 0.74 0.1 5.0 5:00 WNW
5 70.5 86.1 16:15 60.6 1:45 1.4 6.9 0.01 0.7 7.0 11:30 WNW
6 71.6 83.3 12:45 57.6 6:15 1.7 8.3 0.00 1.3 10.0 15:45 ESE
7 77.5 86.0 17:00 71.3 6:30 0.0 12.5 0.07 1.7 14.0 15:30 NW
8 74.0 82.2 14:45 65.1 00:00 0.0 9.0 0.01 0.9 9.0 14:15 W
9 72.5 87.2 15:15 63.4 1:15 0.3 7.8 0.12 1.2 11.0 17:30 SE
10 72.4 86.2 16:15 62.2 6:30 0.4 7.7 0.00 1.3 10.0 4:00 W
11 71.5 89.3 16:15 53.8 6:30 2.7 9.2 0.00 0.7 8.0 12:30 W
12 72.8 89.6 16:45 56.3 6:15 2.1 9.9 0.00 0.6 8.0 15:15 W
13 74.5 88.0 13:30 60.7 6:15 0.8 10.3 0.00 1.4 10.0 16:30 SE
14 74.6 84.3 17:15 66.7 6:00 0.0 9.6 0.10 1.6 15.0 13:00 SE
15 65.8 71.9 11:30 56.2 00:00 0.9 1.7 0.30 0.8 14.0 15:15 WNW
16 65.7 83.1 16:30 48.7 6:00 5.4 6.0 0.00 0.8 8.0 13:30 W
17 67.9 80.2 13:30 52.2 6:15 3.7 6.6 0.00 1.7 13.0 12:45 SSE
18 76.5 89.9 15:15 69.0 00:00 0.0 11.5 0.20 1.8 14.0 10:15 WNW
19 79.4 94.7 15:30 65.4 6:00 0.0 14.4 0.00 1.7 16.0 16:45 WNW
20 79.8 91.2 15:15 70.3 6:00 0.0 14.8 0.00 1.2 10.0 12:30 WNW
21 74.6 90.5 15:30 64.0 00:00 0.0 9.6 0.01 0.9 11.0 14:15 WNW
22 67.3 81.0 16:15 54.8 6:15 2.9 5.2 0.00 1.3 15.0 12:45 W
23 67.6 83.3 16:30 51.7 6:45 3.9 6.5 0.00 1.2 13.0 12:15 WNW
24 69.8 87.0 16:30 52.2 6:30 3.2 7.9 0.00 1.0 10.0 16:30 W
25 71.5 90.4 14:30 52.4 6:30 3.4 9.8 0.00 0.9 9.0 13:00 SW
26 75.1 90.2 14:45 63.8 7:00 0.1 10.2 0.16 1.0 13.0 14:15 SSW
27 76.0 91.9 17:15 65.3 7:00 0.0 11.0 0.00 0.9 10.0 0:15 WNW
28 77.9 95.4 15:45 61.3 6:15 0.6 13.5 0.00 0.8 10.0 17:00 WNW
29 78.7 95.1 13:15 62.7 6:15 0.2 13.9 0.00 0.8 9.0 12:45 S
30 76.0 87.6 18:30 66.8 00:00 0.0 11.0 0.62 0.9 12.0 10:45 WNW
31 73.8 88.3 16:30 58.4 6:30 1.2 10.0 0.00 1.2 14.0 15:00 WNW
-------------------------------------------------------------------------------------
72.4 95.4 28 48.7 16 43.1 270.9 2.69 1.1 17.0 1 WNW
Max >= 90.0: 8
Max <= 32.0: 0
Min <= 32.0: 0
Min <= 0.0: 0
Max Rain: 0.74 ON 07/04/15
Days of Rain: 9 (>.01 in) 7 (>.1 in) 0 (>1 in)
Heat Base: 65.0 Cool Base: 65.0 Method: Integration