NOAA Climate Reports - Current Month, Prior Months, Current and Prior Year Summaries. Station 1st Report 17 Ocr 2014
NOAA style reports
NOAA Climate Reports
Notice: Undefined index: NOAA2024.TXT in /membri/k3csg/NOAA-reports.php on line 185
2024: Jan | Feb | Mar |
Notice: Undefined index: NOAA2024-04.TXT in /membri/k3csg/NOAA-reports.php on line 196
Apr |
Notice: Undefined index: NOAA2024-05.TXT in /membri/k3csg/NOAA-reports.php on line 196
May |
Notice: Undefined index: NOAA2024-06.TXT in /membri/k3csg/NOAA-reports.php on line 196
Jun |
Notice: Undefined index: NOAA2024-07.TXT in /membri/k3csg/NOAA-reports.php on line 196
Jul |
Notice: Undefined index: NOAA2024-08.TXT in /membri/k3csg/NOAA-reports.php on line 196
Aug |
Notice: Undefined index: NOAA2024-09.TXT in /membri/k3csg/NOAA-reports.php on line 196
Sep |
Notice: Undefined index: NOAA2024-10.TXT in /membri/k3csg/NOAA-reports.php on line 196
Oct |
Notice: Undefined index: NOAA2024-11.TXT in /membri/k3csg/NOAA-reports.php on line 196
Nov |
Notice: Undefined index: NOAA2024-12.TXT in /membri/k3csg/NOAA-reports.php on line 196
Dec
2023: Jan | Feb | Mar | Apr | May | Jun | Jul | Aug | Sep | Oct | Nov | Dec
2022: Jan | Feb | Mar | Apr | May | Jun | Jul | Aug | Sep | Oct | Nov | Dec
2021: Jan | Feb | Mar | Apr | May | Jun | Jul | Aug | Sep | Oct | Nov | Dec
2020: Jan | Feb | Mar | Apr | May | Jun | Jul | Aug | Sep | Oct | Nov | Dec
2019: Jan | Feb | Mar | Apr | May | Jun | Jul | Aug | Sep | Oct | Nov | Dec
2018: Jan | Feb | Mar | Apr | May | Jun | Jul | Aug | Sep | Oct | Nov | Dec
2017: Jan | Feb | Mar | Apr | May | Jun | Jul | Aug | Sep | Oct | Nov | Dec
2016: Jan | Feb | Mar | Apr | May | Jun | Jul | Aug | Sep | Oct | Nov | Dec
2015: Jan | Feb | Mar | Apr | May | Jun | Jul | Aug | Sep | Oct | Nov | Dec
2014:
Notice: Undefined index: NOAA2014-01.TXT in /membri/k3csg/NOAA-reports.php on line 196
Jan |
Notice: Undefined index: NOAA2014-02.TXT in /membri/k3csg/NOAA-reports.php on line 196
Feb |
Notice: Undefined index: NOAA2014-03.TXT in /membri/k3csg/NOAA-reports.php on line 196
Mar |
Notice: Undefined index: NOAA2014-04.TXT in /membri/k3csg/NOAA-reports.php on line 196
Apr |
Notice: Undefined index: NOAA2014-05.TXT in /membri/k3csg/NOAA-reports.php on line 196
May |
Notice: Undefined index: NOAA2014-06.TXT in /membri/k3csg/NOAA-reports.php on line 196
Jun |
Notice: Undefined index: NOAA2014-07.TXT in /membri/k3csg/NOAA-reports.php on line 196
Jul |
Notice: Undefined index: NOAA2014-08.TXT in /membri/k3csg/NOAA-reports.php on line 196
Aug |
Notice: Undefined index: NOAA2014-09.TXT in /membri/k3csg/NOAA-reports.php on line 196
Sep | Oct | Nov | Dec
Report for 2015 05
MONTHLY CLIMATOLOGICAL SUMMARY for MAY. 2015
NAME: White Birch CITY: Archbald STATE: PA
ELEV: 955 ft LAT: 41° 29' 21" N LONG: 75° 33' 49" W
TEMPERATURE (°F), RAIN (in), WIND SPEED (mph)
HEAT COOL AVG
MEAN DEG DEG WIND DOM
DAY TEMP HIGH TIME LOW TIME DAYS DAYS RAIN SPEED HIGH TIME DIR
------------------------------------------------------------------------------------
1 53.9 63.8 15:45 47.5 3:45 11.1 0.0 0.03 0.7 11.0 14:15 WNW
2 58.7 77.9 16:00 39.1 6:15 9.2 3.0 0.00 1.1 12.0 11:30 W
3 62.3 83.1 15:15 39.7 6:30 8.3 5.6 0.00 1.1 13.0 15:45 WNW
4 68.4 85.3 15:00 48.1 6:15 5.2 8.6 0.00 2.4 25.0 13:00 WNW
5 72.2 83.0 14:45 63.3 7:00 0.1 7.3 0.00 1.2 13.0 12:45 WNW
6 58.9 69.6 18:15 52.0 00:00 6.5 0.4 0.18 0.5 10.0 10:30 W
7 65.6 84.3 17:00 45.6 5:45 6.2 6.9 0.00 1.3 13.0 17:00 WNW
8 73.4 93.0 15:00 53.3 6:45 2.7 11.1 0.00 1.7 17.0 17:30 S
9 71.7 84.3 13:15 56.6 7:00 1.0 7.6 0.00 2.5 15.0 14:00 ESE
10 74.3 88.4 15:15 59.7 6:30 0.9 10.2 0.00 2.3 18.0 10:30 WNW
11 75.9 89.4 15:30 62.8 5:30 0.2 11.0 0.00 2.4 16.0 12:15 SE
12 70.9 82.6 15:45 55.9 00:00 0.9 6.8 0.00 3.7 25.0 14:15 WNW
13 52.2 56.7 11:30 41.3 00:00 12.8 0.0 0.00 2.3 17.0 10:30 W
14 53.7 72.7 16:30 34.3 6:15 12.9 1.6 0.00 1.2 12.0 13:45 W
15 60.6 78.2 14:15 41.5 6:15 8.1 3.6 0.00 1.6 20.0 13:15 NNW
16 66.0 80.0 14:30 58.5 5:15 1.8 2.8 0.75 0.9 17.0 16:15 SSW
17 71.7 84.4 17:45 64.3 2:00 0.1 6.8 0.07 0.8 10.0 15:45 SSE
18 69.2 83.4 12:15 61.4 3:15 0.8 5.0 0.03 1.6 14.0 14:00 SE
19 68.6 84.1 17:30 55.7 00:00 1.7 5.3 0.11 1.6 14.0 20:30 WNW
20 51.6 59.9 16:30 43.1 00:00 13.4 0.0 0.00 2.0 17.0 15:15 WNW
21 51.5 63.1 13:30 41.5 1:30 13.5 0.0 0.00 1.0 10.0 12:45 WNW
22 57.0 71.6 15:15 44.1 4:45 9.0 1.0 0.00 2.3 21.0 13:15 W
23 53.6 70.6 17:00 36.4 7:00 12.2 0.8 0.00 1.6 13.0 15:00 WNW
24 61.6 82.7 17:45 37.1 6:15 9.4 6.0 0.00 1.1 12.0 14:15 WNW
25 72.7 89.2 15:15 57.6 4:15 2.2 9.8 0.00 2.2 18.0 14:00 S
26 76.6 90.7 16:00 64.6 6:00 0.0 11.6 0.00 1.6 14.0 15:15 WNW
27 73.0 87.0 12:45 66.0 00:00 0.0 8.0 0.33 1.4 14.0 12:00 WNW
28 71.3 84.6 16:30 59.4 00:00 1.1 7.4 0.01 1.6 16.0 14:30 W
29 70.5 89.1 17:00 51.1 6:45 4.0 9.6 0.00 1.2 15.0 14:15 SE
30 75.4 87.5 15:45 66.4 5:00 0.0 10.4 0.06 2.1 21.0 15:00 SE
31 68.8 75.0 12:15 59.9 23:30 0.4 4.2 0.23 1.1 11.0 12:45 WNW
-------------------------------------------------------------------------------------
65.5 93.0 8 34.3 14 155.7 172.4 1.80 1.6 25.0 4 WNW
Max >= 90.0: 2
Max <= 32.0: 0
Min <= 32.0: 0
Min <= 0.0: 0
Max Rain: 0.75 ON 05/16/15
Days of Rain: 9 (>.01 in) 5 (>.1 in) 0 (>1 in)
Heat Base: 65.0 Cool Base: 65.0 Method: Integration