NOAA Climate Reports - Current Month, Prior Months, Current and Prior Year Summaries. Station 1st Report 17 Ocr 2014
NOAA style reports
NOAA Climate Reports
Notice: Undefined index: NOAA2024.TXT in /membri/k3csg/NOAA-reports.php on line 185
2024: Jan | Feb |
Notice: Undefined index: NOAA2024-03.TXT in /membri/k3csg/NOAA-reports.php on line 196
Mar |
Notice: Undefined index: NOAA2024-04.TXT in /membri/k3csg/NOAA-reports.php on line 196
Apr |
Notice: Undefined index: NOAA2024-05.TXT in /membri/k3csg/NOAA-reports.php on line 196
May |
Notice: Undefined index: NOAA2024-06.TXT in /membri/k3csg/NOAA-reports.php on line 196
Jun |
Notice: Undefined index: NOAA2024-07.TXT in /membri/k3csg/NOAA-reports.php on line 196
Jul |
Notice: Undefined index: NOAA2024-08.TXT in /membri/k3csg/NOAA-reports.php on line 196
Aug |
Notice: Undefined index: NOAA2024-09.TXT in /membri/k3csg/NOAA-reports.php on line 196
Sep |
Notice: Undefined index: NOAA2024-10.TXT in /membri/k3csg/NOAA-reports.php on line 196
Oct |
Notice: Undefined index: NOAA2024-11.TXT in /membri/k3csg/NOAA-reports.php on line 196
Nov |
Notice: Undefined index: NOAA2024-12.TXT in /membri/k3csg/NOAA-reports.php on line 196
Dec
2023: Jan | Feb | Mar | Apr | May | Jun | Jul | Aug | Sep | Oct | Nov | Dec
2022: Jan | Feb | Mar | Apr | May | Jun | Jul | Aug | Sep | Oct | Nov | Dec
2021: Jan | Feb | Mar | Apr | May | Jun | Jul | Aug | Sep | Oct | Nov | Dec
2020: Jan | Feb | Mar | Apr | May | Jun | Jul | Aug | Sep | Oct | Nov | Dec
2019: Jan | Feb | Mar | Apr | May | Jun | Jul | Aug | Sep | Oct | Nov | Dec
2018: Jan | Feb | Mar | Apr | May | Jun | Jul | Aug | Sep | Oct | Nov | Dec
2017: Jan | Feb | Mar | Apr | May | Jun | Jul | Aug | Sep | Oct | Nov | Dec
2016: Jan | Feb | Mar | Apr | May | Jun | Jul | Aug | Sep | Oct | Nov | Dec
2015: Jan | Feb | Mar | Apr | May | Jun | Jul | Aug | Sep | Oct | Nov | Dec
2014:
Notice: Undefined index: NOAA2014-01.TXT in /membri/k3csg/NOAA-reports.php on line 196
Jan |
Notice: Undefined index: NOAA2014-02.TXT in /membri/k3csg/NOAA-reports.php on line 196
Feb |
Notice: Undefined index: NOAA2014-03.TXT in /membri/k3csg/NOAA-reports.php on line 196
Mar |
Notice: Undefined index: NOAA2014-04.TXT in /membri/k3csg/NOAA-reports.php on line 196
Apr |
Notice: Undefined index: NOAA2014-05.TXT in /membri/k3csg/NOAA-reports.php on line 196
May |
Notice: Undefined index: NOAA2014-06.TXT in /membri/k3csg/NOAA-reports.php on line 196
Jun |
Notice: Undefined index: NOAA2014-07.TXT in /membri/k3csg/NOAA-reports.php on line 196
Jul |
Notice: Undefined index: NOAA2014-08.TXT in /membri/k3csg/NOAA-reports.php on line 196
Aug |
Notice: Undefined index: NOAA2014-09.TXT in /membri/k3csg/NOAA-reports.php on line 196
Sep | Oct | Nov | Dec
Report for 2015 02
MONTHLY CLIMATOLOGICAL SUMMARY for FEB. 2015
NAME: White Birch CITY: Archbald STATE: PA
ELEV: 955 ft LAT: 41° 29' 21" N LONG: 75° 33' 49" W
TEMPERATURE (°F), RAIN (in), WIND SPEED (mph)
HEAT COOL AVG
MEAN DEG DEG WIND DOM
DAY TEMP HIGH TIME LOW TIME DAYS DAYS RAIN SPEED HIGH TIME DIR
------------------------------------------------------------------------------------
1 23.3 30.6 14:30 9.8 0:15 41.7 0.0 0.00 0.7 11.0 21:45 NW
2 22.0 30.2 5:15 10.4 19:45 43.0 0.0 0.35 2.5 26.0 6:30 W
3 14.4 23.1 15:30 5.4 7:00 50.6 0.0 0.00 1.4 14.0 11:45 WNW
4 24.8 36.0 17:15 10.2 0:15 40.2 0.0 0.00 0.5 8.0 17:15 WNW
5 18.5 31.9 0:15 3.6 00:00 46.5 0.0 0.06 2.1 21.0 16:00 W
6 10.4 24.6 15:00 -7.4 6:45 54.6 0.0 0.00 1.4 14.0 16:45 NW
7 25.7 34.8 14:30 11.9 0:15 39.3 0.0 0.00 0.3 6.0 10:30 NW
8 35.4 42.5 13:15 30.3 6:00 29.6 0.0 0.13 0.3 6.0 11:45 SE
9 27.2 34.0 0:15 23.8 21:45 37.8 0.0 0.22 0.9 12.0 9:30 W
10 26.7 30.6 16:15 23.1 00:00 38.3 0.0 0.00 1.0 13.0 12:45 W
11 24.8 32.9 14:15 14.9 5:30 40.2 0.0 0.00 0.5 6.0 0:45 W
12 25.3 32.8 13:30 5.2 00:00 39.7 0.0 0.02 2.4 19.0 17:45 W
13 6.6 15.8 15:15 0.7 7:15 58.4 0.0 0.00 2.2 14.0 11:45 WNW
14 14.9 24.1 13:15 2.7 1:30 50.1 0.0 0.00 0.9 17.0 22:15 SSW
15 4.3 13.3 0:15 -3.7 23:45 60.7 0.0 0.01 4.1 22.0 14:45 W
16 5.0 14.1 15:00 -7.2 7:00 60.0 0.0 0.00 1.4 12.0 1:30 W
17 14.0 23.9 14:15 5.0 00:00 51.0 0.0 0.00 0.6 10.0 13:30 WNW
18 14.2 29.3 14:45 -2.6 7:00 50.8 0.0 0.00 1.2 21.0 22:00 WNW
19 9.7 15.9 12:15 -0.7 00:00 55.3 0.0 0.00 4.4 20.0 12:15 W
20 2.5 13.8 15:30 -5.1 6:45 62.5 0.0 0.00 2.7 16.0 1:45 WNW
21 13.4 22.8 23:15 -5.2 2:15 51.6 0.0 0.08 2.0 22.0 12:00 SE
22 29.7 37.8 15:15 22.7 0:15 35.3 0.0 0.01 0.9 12.0 23:15 WNW
23 13.0 28.3 0:15 -3.2 00:00 52.0 0.0 0.00 3.2 19.0 11:45 W
24 8.6 24.9 14:30 -10.2 7:15 56.4 0.0 0.00 1.9 22.0 16:00 ESE
25 23.0 35.2 15:00 11.8 7:15 42.0 0.0 0.00 1.9 16.0 11:15 WNW
26 18.7 28.4 13:15 14.1 00:00 46.3 0.0 0.00 0.9 10.0 14:30 W
27 15.5 25.5 15:00 6.5 7:30 49.5 0.0 0.00 1.5 13.0 13:30 W
28 14.2 29.7 14:15 -1.1 7:15 50.8 0.0 0.00 0.8 9.0 13:15 W
-------------------------------------------------------------------------------------
17.4 42.5 8 -10.2 24 1334.2 0.0 0.88 1.6 26.0 2 W
Max >= 90.0: 0
Max <= 32.0: 20
Min <= 32.0: 28
Min <= 0.0: 10
Max Rain: 0.35 ON 02/02/15
Days of Rain: 6 (>.01 in) 3 (>.1 in) 0 (>1 in)
Heat Base: 65.0 Cool Base: 65.0 Method: Integration