NOAA Climate Reports - Current Month, Prior Months, Current and Prior Year Summaries. Station 1st Report 17 Ocr 2014
NOAA style reports
NOAA Climate Reports
Notice: Undefined index: NOAA2024.TXT in /membri/k3csg/NOAA-reports.php on line 185
2024: Jan | Feb |
Notice: Undefined index: NOAA2024-03.TXT in /membri/k3csg/NOAA-reports.php on line 196
Mar |
Notice: Undefined index: NOAA2024-04.TXT in /membri/k3csg/NOAA-reports.php on line 196
Apr |
Notice: Undefined index: NOAA2024-05.TXT in /membri/k3csg/NOAA-reports.php on line 196
May |
Notice: Undefined index: NOAA2024-06.TXT in /membri/k3csg/NOAA-reports.php on line 196
Jun |
Notice: Undefined index: NOAA2024-07.TXT in /membri/k3csg/NOAA-reports.php on line 196
Jul |
Notice: Undefined index: NOAA2024-08.TXT in /membri/k3csg/NOAA-reports.php on line 196
Aug |
Notice: Undefined index: NOAA2024-09.TXT in /membri/k3csg/NOAA-reports.php on line 196
Sep |
Notice: Undefined index: NOAA2024-10.TXT in /membri/k3csg/NOAA-reports.php on line 196
Oct |
Notice: Undefined index: NOAA2024-11.TXT in /membri/k3csg/NOAA-reports.php on line 196
Nov |
Notice: Undefined index: NOAA2024-12.TXT in /membri/k3csg/NOAA-reports.php on line 196
Dec
2023: Jan | Feb | Mar | Apr | May | Jun | Jul | Aug | Sep | Oct | Nov | Dec
2022: Jan | Feb | Mar | Apr | May | Jun | Jul | Aug | Sep | Oct | Nov | Dec
2021: Jan | Feb | Mar | Apr | May | Jun | Jul | Aug | Sep | Oct | Nov | Dec
2020: Jan | Feb | Mar | Apr | May | Jun | Jul | Aug | Sep | Oct | Nov | Dec
2019: Jan | Feb | Mar | Apr | May | Jun | Jul | Aug | Sep | Oct | Nov | Dec
2018: Jan | Feb | Mar | Apr | May | Jun | Jul | Aug | Sep | Oct | Nov | Dec
2017: Jan | Feb | Mar | Apr | May | Jun | Jul | Aug | Sep | Oct | Nov | Dec
2016: Jan | Feb | Mar | Apr | May | Jun | Jul | Aug | Sep | Oct | Nov | Dec
2015: Jan | Feb | Mar | Apr | May | Jun | Jul | Aug | Sep | Oct | Nov | Dec
2014:
Notice: Undefined index: NOAA2014-01.TXT in /membri/k3csg/NOAA-reports.php on line 196
Jan |
Notice: Undefined index: NOAA2014-02.TXT in /membri/k3csg/NOAA-reports.php on line 196
Feb |
Notice: Undefined index: NOAA2014-03.TXT in /membri/k3csg/NOAA-reports.php on line 196
Mar |
Notice: Undefined index: NOAA2014-04.TXT in /membri/k3csg/NOAA-reports.php on line 196
Apr |
Notice: Undefined index: NOAA2014-05.TXT in /membri/k3csg/NOAA-reports.php on line 196
May |
Notice: Undefined index: NOAA2014-06.TXT in /membri/k3csg/NOAA-reports.php on line 196
Jun |
Notice: Undefined index: NOAA2014-07.TXT in /membri/k3csg/NOAA-reports.php on line 196
Jul |
Notice: Undefined index: NOAA2014-08.TXT in /membri/k3csg/NOAA-reports.php on line 196
Aug |
Notice: Undefined index: NOAA2014-09.TXT in /membri/k3csg/NOAA-reports.php on line 196
Sep | Oct | Nov | Dec
Report for 2015 01
MONTHLY CLIMATOLOGICAL SUMMARY for JAN. 2015
NAME: White Birch CITY: Archbald STATE: PA
ELEV: 955 ft LAT: 41° 29' 21" N LONG: 75° 33' 49" W
TEMPERATURE (°F), RAIN (in), WIND SPEED (mph)
HEAT COOL AVG
MEAN DEG DEG WIND DOM
DAY TEMP HIGH TIME LOW TIME DAYS DAYS RAIN SPEED HIGH TIME DIR
------------------------------------------------------------------------------------
1 26.0 34.2 15:45 15.3 7:45 39.0 0.0 0.00 2.4 18.0 10:30 WNW
2 31.4 36.4 13:15 23.1 00:00 33.6 0.0 0.00 2.3 18.0 13:45 WNW
3 30.1 40.2 23:15 21.6 6:00 34.9 0.0 0.30 1.5 20.0 8:30 WNW
4 41.6 46.0 21:30 36.6 6:30 23.4 0.0 0.07 1.5 20.0 23:15 WNW
5 26.1 41.9 0:15 13.4 22:45 38.9 0.0 0.00 5.4 26.0 4:15 W
6 14.8 18.1 15:45 10.4 00:00 50.2 0.0 0.01 1.6 10.0 0:45 WNW
7 11.7 18.7 11:15 2.8 23:45 53.3 0.0 0.00 3.7 23.0 15:00 WNW
8 9.2 15.5 13:30 1.6 3:30 55.8 0.0 0.00 2.6 16.0 14:00 WNW
9 19.5 28.1 14:00 13.7 00:00 45.5 0.0 0.00 3.9 19.0 11:15 WNW
10 12.2 18.5 14:30 6.9 8:00 52.8 0.0 0.00 2.3 13.0 15:15 WNW
11 22.2 31.5 16:45 11.5 0:15 42.8 0.0 0.00 0.6 8.0 16:15 WNW
12 31.2 33.6 19:15 28.4 3:30 33.8 0.0 0.14 0.5 12.0 22:15 SW
13 14.8 30.0 0:15 4.4 00:00 50.2 0.0 0.00 1.2 13.0 3:45 W
14 18.5 27.1 14:45 4.8 0:15 46.5 0.0 0.00 0.4 7.0 4:00 WSW
15 23.0 29.8 15:30 13.8 6:45 42.0 0.0 0.00 0.9 11.0 13:45 W
16 23.8 35.4 11:45 12.3 23:45 41.2 0.0 0.00 2.8 23.0 12:00 WNW
17 18.4 28.9 16:15 6.0 7:15 46.6 0.0 0.00 1.3 11.0 17:30 SE
18 33.4 39.2 14:30 21.8 1:15 31.6 0.0 0.03 0.8 11.0 00:00 WNW
19 33.7 36.1 0:30 30.5 00:00 31.3 0.0 0.00 2.9 18.0 12:45 WNW
20 28.6 31.8 14:45 20.1 00:00 36.4 0.0 0.00 1.6 11.0 2:30 WNW
21 22.2 31.9 15:00 10.5 6:15 42.8 0.0 0.00 0.4 5.0 15:15 SSW
22 26.5 31.6 16:00 17.0 00:00 38.5 0.0 0.00 0.5 10.0 14:45 SSE
23 22.5 32.3 15:30 11.9 6:45 42.5 0.0 0.00 0.7 11.0 13:15 WNW
24 31.1 36.0 13:45 27.0 0:15 33.9 0.0 0.29 0.9 11.0 18:45 WNW
25 29.3 33.9 14:15 19.3 00:00 35.7 0.0 0.00 2.2 16.0 9:00 WNW
26 19.9 23.1 23:00 15.9 4:15 45.1 0.0 0.02 1.5 20.0 20:15 SE
27 18.8 25.1 14:00 10.4 23:30 46.2 0.0 0.00 1.5 14.0 16:30 W
28 16.6 29.9 15:15 6.3 7:45 48.4 0.0 0.00 1.2 15.0 12:45 W
29 18.2 32.6 14:30 1.1 6:15 46.8 0.0 0.00 1.1 18.0 19:00 SW
30 23.5 32.1 13:00 11.7 23:45 41.5 0.0 0.08 2.5 21.0 17:00 W
31 13.0 22.4 14:45 6.6 7:15 52.0 0.0 0.00 2.1 16.0 1:45 W
-------------------------------------------------------------------------------------
23.0 46.0 4 1.1 29 1303.2 0.0 0.94 1.8 26.0 5 WNW
Max >= 90.0: 0
Max <= 32.0: 17
Min <= 32.0: 30
Min <= 0.0: 0
Max Rain: 0.30 ON 01/03/15
Days of Rain: 7 (>.01 in) 3 (>.1 in) 0 (>1 in)
Heat Base: 65.0 Cool Base: 65.0 Method: Integration