NOAA Climate Reports - Current Month, Prior Months, Current and Prior Year Summaries. Station 1st Report 17 Ocr 2014
NOAA style reports
NOAA Climate Reports
Notice: Undefined index: NOAA2024.TXT in /membri/k3csg/NOAA-reports.php on line 185
2024: Jan | Feb | Mar |
Notice: Undefined index: NOAA2024-04.TXT in /membri/k3csg/NOAA-reports.php on line 196
Apr |
Notice: Undefined index: NOAA2024-05.TXT in /membri/k3csg/NOAA-reports.php on line 196
May |
Notice: Undefined index: NOAA2024-06.TXT in /membri/k3csg/NOAA-reports.php on line 196
Jun |
Notice: Undefined index: NOAA2024-07.TXT in /membri/k3csg/NOAA-reports.php on line 196
Jul |
Notice: Undefined index: NOAA2024-08.TXT in /membri/k3csg/NOAA-reports.php on line 196
Aug |
Notice: Undefined index: NOAA2024-09.TXT in /membri/k3csg/NOAA-reports.php on line 196
Sep |
Notice: Undefined index: NOAA2024-10.TXT in /membri/k3csg/NOAA-reports.php on line 196
Oct |
Notice: Undefined index: NOAA2024-11.TXT in /membri/k3csg/NOAA-reports.php on line 196
Nov |
Notice: Undefined index: NOAA2024-12.TXT in /membri/k3csg/NOAA-reports.php on line 196
Dec
2023: Jan | Feb | Mar | Apr | May | Jun | Jul | Aug | Sep | Oct | Nov | Dec
2022: Jan | Feb | Mar | Apr | May | Jun | Jul | Aug | Sep | Oct | Nov | Dec
2021: Jan | Feb | Mar | Apr | May | Jun | Jul | Aug | Sep | Oct | Nov | Dec
2020: Jan | Feb | Mar | Apr | May | Jun | Jul | Aug | Sep | Oct | Nov | Dec
2019: Jan | Feb | Mar | Apr | May | Jun | Jul | Aug | Sep | Oct | Nov | Dec
2018: Jan | Feb | Mar | Apr | May | Jun | Jul | Aug | Sep | Oct | Nov | Dec
2017: Jan | Feb | Mar | Apr | May | Jun | Jul | Aug | Sep | Oct | Nov | Dec
2016: Jan | Feb | Mar | Apr | May | Jun | Jul | Aug | Sep | Oct | Nov | Dec
2015: Jan | Feb | Mar | Apr | May | Jun | Jul | Aug | Sep | Oct | Nov | Dec
2014:
Notice: Undefined index: NOAA2014-01.TXT in /membri/k3csg/NOAA-reports.php on line 196
Jan |
Notice: Undefined index: NOAA2014-02.TXT in /membri/k3csg/NOAA-reports.php on line 196
Feb |
Notice: Undefined index: NOAA2014-03.TXT in /membri/k3csg/NOAA-reports.php on line 196
Mar |
Notice: Undefined index: NOAA2014-04.TXT in /membri/k3csg/NOAA-reports.php on line 196
Apr |
Notice: Undefined index: NOAA2014-05.TXT in /membri/k3csg/NOAA-reports.php on line 196
May |
Notice: Undefined index: NOAA2014-06.TXT in /membri/k3csg/NOAA-reports.php on line 196
Jun |
Notice: Undefined index: NOAA2014-07.TXT in /membri/k3csg/NOAA-reports.php on line 196
Jul |
Notice: Undefined index: NOAA2014-08.TXT in /membri/k3csg/NOAA-reports.php on line 196
Aug |
Notice: Undefined index: NOAA2014-09.TXT in /membri/k3csg/NOAA-reports.php on line 196
Sep | Oct | Nov | Dec
Report for 2014 11
MONTHLY CLIMATOLOGICAL SUMMARY for NOV. 2014
NAME: White Birch CITY: Archbald STATE: PA
ELEV: 955 ft LAT: 41° 29' 21" N LONG: 75° 33' 49" W
TEMPERATURE (°F), RAIN (in), WIND SPEED (mph)
HEAT COOL AVG
MEAN DEG DEG WIND DOM
DAY TEMP HIGH TIME LOW TIME DAYS DAYS RAIN SPEED HIGH TIME DIR
------------------------------------------------------------------------------------
1 44.9 49.0 12:30 39.4 00:00 20.1 0.0 0.00 1.2 13.0 13:15 W
2 38.0 45.7 14:15 33.2 20:15 27.0 0.0 0.00 2.8 22.0 15:00 W
3 46.4 61.0 14:00 32.3 0:45 18.6 0.0 0.00 2.7 17.0 11:15 WNW
4 56.0 67.2 14:00 49.7 7:30 9.1 0.2 0.00 1.4 16.0 11:15 WNW
5 53.2 58.1 14:30 43.8 00:00 11.8 0.0 0.00 1.7 16.0 10:15 NW
6 46.0 49.1 15:15 42.4 1:45 19.0 0.0 0.02 0.7 12.0 21:15 WNW
7 39.5 44.7 0:15 32.0 00:00 25.5 0.0 0.09 2.7 20.0 14:15 W
8 38.3 46.8 15:15 29.0 5:30 26.7 0.0 0.00 1.7 12.0 11:30 WNW
9 40.7 52.2 13:30 30.4 23:15 24.3 0.0 0.00 0.7 11.0 11:00 SW
10 46.1 62.7 14:45 29.6 4:45 18.9 0.0 0.00 1.2 10.0 16:15 SSE
11 51.6 63.2 14:45 37.1 7:15 13.4 0.0 0.00 1.3 17.0 14:00 WNW
12 49.5 57.3 14:15 33.9 00:00 15.5 0.0 0.00 1.3 15.0 11:00 W
13 33.8 39.9 12:00 26.7 6:15 31.2 0.0 0.04 0.5 12.0 23:15 SSE
14 32.3 38.8 13:45 26.2 7:15 32.7 0.0 0.00 2.2 16.0 11:15 WNW
15 31.1 40.6 14:30 23.5 00:00 33.9 0.0 0.00 1.2 12.0 10:00 W
16 33.1 39.6 14:30 21.5 3:15 31.9 0.0 0.00 1.4 15.0 11:45 ESE
17 39.0 43.5 13:45 34.4 4:00 26.0 0.0 0.30 1.5 15.0 19:45 WNW
18 24.2 37.8 0:15 17.6 00:00 40.8 0.0 0.00 6.0 26.0 21:00 WNW
19 21.9 27.9 14:15 14.4 7:00 43.1 0.0 0.00 2.5 14.0 14:45 WNW
20 30.2 39.3 13:15 21.7 23:45 34.8 0.0 0.00 3.1 24.0 14:30 WNW
21 24.2 33.0 14:30 15.5 00:00 40.8 0.0 0.00 2.6 16.0 8:45 WNW
22 28.7 40.2 13:15 13.7 7:00 36.3 0.0 0.00 1.8 18.0 11:00 NW
23 43.7 54.6 15:00 32.8 7:15 21.3 0.0 0.00 0.7 12.0 00:00 NW
24 60.2 68.7 12:45 45.6 3:00 5.4 0.5 0.09 3.8 26.0 3:45 S
25 47.2 57.5 0:15 37.2 22:30 17.8 0.0 0.00 2.8 23.0 5:00 WNW
26 34.2 41.1 0:15 30.7 23:15 30.8 0.0 0.58 0.1 4.0 4:15 W
27 29.0 34.7 13:45 20.6 21:45 36.0 0.0 0.02 0.5 9.0 14:30 WNW
28 23.5 29.7 14:15 12.8 22:30 41.5 0.0 0.00 1.3 15.0 10:30 WNW
29 22.6 32.9 22:45 10.1 5:45 42.4 0.0 0.00 0.7 9.0 20:30 WNW
30 36.6 40.9 14:30 30.9 5:15 28.4 0.0 0.00 0.1 6.0 1:15 S
-------------------------------------------------------------------------------------
38.2 68.7 24 10.1 29 805.0 0.7 1.14 1.7 26.0 18 WNW
Max >= 90.0: 0
Max <= 32.0: 2
Min <= 32.0: 18
Min <= 0.0: 0
Max Rain: 0.58 ON 11/26/14
Days of Rain: 7 (>.01 in) 2 (>.1 in) 0 (>1 in)
Heat Base: 65.0 Cool Base: 65.0 Method: Integration